{"id":10400,"date":"2021-09-15T20:26:16","date_gmt":"2021-09-15T18:26:16","guid":{"rendered":"http:\/\/trotajueves.es\/libreria\/?post_type=product&#038;p=10400"},"modified":"2023-11-24T14:33:01","modified_gmt":"2023-11-24T13:33:01","slug":"pasaporte-para-el-crimen","status":"publish","type":"product","link":"https:\/\/trotajueves.es\/libreria\/producto\/pasaporte-para-el-crimen\/","title":{"rendered":"Pasaporte para el crimen"},"content":{"rendered":"<p>AUTOR:\u00a0 \u00a0 \u00a0 \u00a0 \u00a0 \u00a0 Casta\u00f1o, Jos\u00e9 Mar\u00eda<\/p>\n<p>ESTADO:\u00a0 \u00a0 \u00a0 \u00a0 \u00a0usado<\/p>\n<p>I.S.B.N.:<\/p>\n<p>A\u00f1o:\u00a0 \u00a01966<\/p>\n<p>Editorial:\u00a0 \u00a0 \u00a0 \u00a0 gr\u00e1ficas canales<\/p>\n<p>P\u00e1ginas:\u00a0\u00a0285<\/p>\n<p>Precio:\u00a04 \u20ac<\/p>\n","protected":false},"excerpt":{"rendered":"<p>AUTOR:\u00a0 \u00a0 \u00a0 \u00a0 \u00a0 \u00a0 Casta\u00f1o, Jos\u00e9 Mar\u00eda ESTADO:\u00a0 \u00a0 \u00a0 \u00a0 \u00a0usado I.S.B.N.: A\u00f1o:\u00a0 \u00a01966 Editorial:\u00a0 \u00a0 \u00a0 \u00a0 gr\u00e1ficas canales P\u00e1ginas:\u00a0\u00a0285 Precio:\u00a04 \u20ac<\/p>\n","protected":false},"featured_media":16629,"template":"","meta":{"_joinchat":[]},"product_brand":[],"product_cat":[89,30,32],"product_tag":[264,65,68,223,282],"class_list":{"0":"post-10400","1":"product","2":"type-product","3":"status-publish","4":"has-post-thumbnail","6":"product_cat-antiguo-2","7":"product_cat-novela","8":"product_cat-novelaespanola","9":"product_tag-antiguo","10":"product_tag-misterio","11":"product_tag-novela-2","12":"product_tag-novela-espanola","13":"product_tag-policiaca","14":"pa_estado-usado","16":"first","17":"instock","18":"shipping-taxable","19":"purchasable","20":"product-type-simple"},"_links":{"self":[{"href":"https:\/\/trotajueves.es\/libreria\/wp-json\/wp\/v2\/product\/10400","targetHints":{"allow":["GET"]}}],"collection":[{"href":"https:\/\/trotajueves.es\/libreria\/wp-json\/wp\/v2\/product"}],"about":[{"href":"https:\/\/trotajueves.es\/libreria\/wp-json\/wp\/v2\/types\/product"}],"wp:featuredmedia":[{"embeddable":true,"href":"https:\/\/trotajueves.es\/libreria\/wp-json\/wp\/v2\/media\/16629"}],"wp:attachment":[{"href":"https:\/\/trotajueves.es\/libreria\/wp-json\/wp\/v2\/media?parent=10400"}],"wp:term":[{"taxonomy":"product_brand","embeddable":true,"href":"https:\/\/trotajueves.es\/libreria\/wp-json\/wp\/v2\/product_brand?post=10400"},{"taxonomy":"product_cat","embeddable":true,"href":"https:\/\/trotajueves.es\/libreria\/wp-json\/wp\/v2\/product_cat?post=10400"},{"taxonomy":"product_tag","embeddable":true,"href":"https:\/\/trotajueves.es\/libreria\/wp-json\/wp\/v2\/product_tag?post=10400"}],"curies":[{"name":"wp","href":"https:\/\/api.w.org\/{rel}","templated":true}]}}