{"id":11576,"date":"2021-10-01T10:04:59","date_gmt":"2021-10-01T08:04:59","guid":{"rendered":"http:\/\/trotajueves.es\/libreria\/?post_type=product&#038;p=11576"},"modified":"2021-10-01T10:07:46","modified_gmt":"2021-10-01T08:07:46","slug":"freud-y-lacan-hablados","status":"publish","type":"product","link":"https:\/\/trotajueves.es\/libreria\/producto\/freud-y-lacan-hablados\/","title":{"rendered":"Freud y Lacan hablados"},"content":{"rendered":"<p>AUTOR:\u00a0 \u00a0Menassa, Miguel \u00d3scar<\/p>\n<p>ESTADO:\u00a0\u00a0\u00a0\u00a0\u00a0\u00a0\u00a0\u00a0 usado<\/p>\n<p>I.S.B.N.:\u00a0 848549816X<\/p>\n<p>A\u00f1o:\u00a0 \u00a0 \u00a01987<\/p>\n<p>Editorial: Asociaci\u00f3 escuela psicoan\u00e1lisis Grupo Cero<\/p>\n<p>P\u00e1ginas:\u00a0 \u00a0\u00a0458<\/p>\n<p>Precio:\u00a018 \u00a0\u20ac<\/p>\n","protected":false},"excerpt":{"rendered":"<p>AUTOR:\u00a0 \u00a0Menassa, Miguel \u00d3scar ESTADO:\u00a0\u00a0\u00a0\u00a0\u00a0\u00a0\u00a0\u00a0 usado I.S.B.N.:\u00a0 848549816X A\u00f1o:\u00a0 \u00a0 \u00a01987 Editorial: Asociaci\u00f3 escuela psicoan\u00e1lisis Grupo Cero P\u00e1ginas:\u00a0 \u00a0\u00a0458 Precio:\u00a018 \u00a0\u20ac<\/p>\n","protected":false},"featured_media":11577,"template":"","meta":{"_joinchat":[]},"product_brand":[],"product_cat":[42,43],"product_tag":[224,234,284,283],"class_list":{"0":"post-11576","1":"product","2":"type-product","3":"status-publish","4":"has-post-thumbnail","6":"product_cat-ensayo","7":"product_cat-humanidades","8":"product_tag-ensayo","9":"product_tag-humanidades","10":"product_tag-psicologia","11":"product_tag-psiquiatria","12":"pa_estado-usado","14":"first","15":"instock","16":"shipping-taxable","17":"purchasable","18":"product-type-simple"},"_links":{"self":[{"href":"https:\/\/trotajueves.es\/libreria\/wp-json\/wp\/v2\/product\/11576","targetHints":{"allow":["GET"]}}],"collection":[{"href":"https:\/\/trotajueves.es\/libreria\/wp-json\/wp\/v2\/product"}],"about":[{"href":"https:\/\/trotajueves.es\/libreria\/wp-json\/wp\/v2\/types\/product"}],"wp:featuredmedia":[{"embeddable":true,"href":"https:\/\/trotajueves.es\/libreria\/wp-json\/wp\/v2\/media\/11577"}],"wp:attachment":[{"href":"https:\/\/trotajueves.es\/libreria\/wp-json\/wp\/v2\/media?parent=11576"}],"wp:term":[{"taxonomy":"product_brand","embeddable":true,"href":"https:\/\/trotajueves.es\/libreria\/wp-json\/wp\/v2\/product_brand?post=11576"},{"taxonomy":"product_cat","embeddable":true,"href":"https:\/\/trotajueves.es\/libreria\/wp-json\/wp\/v2\/product_cat?post=11576"},{"taxonomy":"product_tag","embeddable":true,"href":"https:\/\/trotajueves.es\/libreria\/wp-json\/wp\/v2\/product_tag?post=11576"}],"curies":[{"name":"wp","href":"https:\/\/api.w.org\/{rel}","templated":true}]}}