{"id":11653,"date":"2021-10-04T13:48:35","date_gmt":"2021-10-04T11:48:35","guid":{"rendered":"http:\/\/trotajueves.es\/libreria\/?post_type=product&#038;p=11653"},"modified":"2021-10-04T13:49:49","modified_gmt":"2021-10-04T11:49:49","slug":"emociones-que-hieren-de-las-tensiones-inutiles-a-las-relaciones-inteligentes-2","status":"publish","type":"product","link":"https:\/\/trotajueves.es\/libreria\/producto\/emociones-que-hieren-de-las-tensiones-inutiles-a-las-relaciones-inteligentes-2\/","title":{"rendered":"Emociones que hieren. De las tensiones in\u00fatiles a las relaciones inteligentes"},"content":{"rendered":"<p>AUTOR:\u00a0   \u00c1lava Reyes,  Mar\u00eda Jos\u00e9<br \/>\nESTADO: usado<br \/>\nI.S.B.N.: 8497342682<br \/>\nA\u00f1o:\u00a0 \u00a0 \u00a0\u00a02005<br \/>\nEditorial: la esfera de los libros<br \/>\nP\u00e1ginas:\u00a0\u00a0335<br \/>\nPrecio:\u00a04 \u20ac<\/p>\n","protected":false},"excerpt":{"rendered":"<p>AUTOR:\u00a0 \u00c1lava Reyes, Mar\u00eda Jos\u00e9 ESTADO: usado I.S.B.N.: 8497342682 A\u00f1o:\u00a0 \u00a0 \u00a0\u00a02005 Editorial: la esfera de los libros P\u00e1ginas:\u00a0\u00a0335 Precio:\u00a04 \u20ac<\/p>\n","protected":false},"featured_media":11650,"template":"","meta":{"_joinchat":[]},"product_brand":[],"product_cat":[42,43],"product_tag":[224,284,114],"class_list":{"0":"post-11653","1":"product","2":"type-product","3":"status-publish","4":"has-post-thumbnail","6":"product_cat-ensayo","7":"product_cat-humanidades","8":"product_tag-ensayo","9":"product_tag-psicologia","10":"product_tag-sexualidad","11":"pa_estado-usado","13":"first","14":"instock","15":"shipping-taxable","16":"purchasable","17":"product-type-simple"},"_links":{"self":[{"href":"https:\/\/trotajueves.es\/libreria\/wp-json\/wp\/v2\/product\/11653","targetHints":{"allow":["GET"]}}],"collection":[{"href":"https:\/\/trotajueves.es\/libreria\/wp-json\/wp\/v2\/product"}],"about":[{"href":"https:\/\/trotajueves.es\/libreria\/wp-json\/wp\/v2\/types\/product"}],"wp:featuredmedia":[{"embeddable":true,"href":"https:\/\/trotajueves.es\/libreria\/wp-json\/wp\/v2\/media\/11650"}],"wp:attachment":[{"href":"https:\/\/trotajueves.es\/libreria\/wp-json\/wp\/v2\/media?parent=11653"}],"wp:term":[{"taxonomy":"product_brand","embeddable":true,"href":"https:\/\/trotajueves.es\/libreria\/wp-json\/wp\/v2\/product_brand?post=11653"},{"taxonomy":"product_cat","embeddable":true,"href":"https:\/\/trotajueves.es\/libreria\/wp-json\/wp\/v2\/product_cat?post=11653"},{"taxonomy":"product_tag","embeddable":true,"href":"https:\/\/trotajueves.es\/libreria\/wp-json\/wp\/v2\/product_tag?post=11653"}],"curies":[{"name":"wp","href":"https:\/\/api.w.org\/{rel}","templated":true}]}}