{"id":11876,"date":"2021-10-05T14:24:58","date_gmt":"2021-10-05T12:24:58","guid":{"rendered":"http:\/\/trotajueves.es\/libreria\/?post_type=product&#038;p=11876"},"modified":"2021-10-05T14:27:54","modified_gmt":"2021-10-05T12:27:54","slug":"imagenes-de-la-ciencia-y-la-tecnologia-espanolas-2004","status":"publish","type":"product","link":"https:\/\/trotajueves.es\/libreria\/producto\/imagenes-de-la-ciencia-y-la-tecnologia-espanolas-2004\/","title":{"rendered":"Im\u00e1genes de la ciencia y la tecnolog\u00eda espa\u00f1olas 2004"},"content":{"rendered":"<p>AUTOR:\u00a0 \u00a0\u00a0VVAA<\/p>\n<p>ESTADO:\u00a0\u00a0\u00a0\u00a0\u00a0\u00a0\u00a0\u00a0 usado<\/p>\n<p>I.S.B.N.:\u00a0 \u00a0 8475067085<\/p>\n<p>A\u00f1o:\u00a0 \u00a0\u00a02004<\/p>\n<p>Editorial:\u00a0 Fundaci\u00f3n espa\u00f1ola para la ciencia y la tecnolog\u00eda<\/p>\n<p>P\u00e1ginas:\u00a0 \u00a0 \u00a0\u00a0301<\/p>\n<p>Precio:\u00a012 \u00a0\u20ac<\/p>\n","protected":false},"excerpt":{"rendered":"<p>AUTOR:\u00a0 \u00a0\u00a0VVAA ESTADO:\u00a0\u00a0\u00a0\u00a0\u00a0\u00a0\u00a0\u00a0 usado I.S.B.N.:\u00a0 \u00a0 8475067085 A\u00f1o:\u00a0 \u00a0\u00a02004 Editorial:\u00a0 Fundaci\u00f3n espa\u00f1ola para la ciencia y la tecnolog\u00eda P\u00e1ginas:\u00a0 \u00a0 \u00a0\u00a0301 Precio:\u00a012 \u00a0\u20ac<\/p>\n","protected":false},"featured_media":11877,"template":"","meta":{"_joinchat":[]},"product_brand":[],"product_cat":[41,79],"product_tag":[49,56],"class_list":{"0":"post-11876","1":"product","2":"type-product","3":"status-publish","4":"has-post-thumbnail","6":"product_cat-album","7":"product_cat-otros","8":"product_tag-ciencia","9":"product_tag-fotografia","10":"pa_estado-usado","12":"first","13":"instock","14":"shipping-taxable","15":"purchasable","16":"product-type-simple"},"_links":{"self":[{"href":"https:\/\/trotajueves.es\/libreria\/wp-json\/wp\/v2\/product\/11876","targetHints":{"allow":["GET"]}}],"collection":[{"href":"https:\/\/trotajueves.es\/libreria\/wp-json\/wp\/v2\/product"}],"about":[{"href":"https:\/\/trotajueves.es\/libreria\/wp-json\/wp\/v2\/types\/product"}],"wp:featuredmedia":[{"embeddable":true,"href":"https:\/\/trotajueves.es\/libreria\/wp-json\/wp\/v2\/media\/11877"}],"wp:attachment":[{"href":"https:\/\/trotajueves.es\/libreria\/wp-json\/wp\/v2\/media?parent=11876"}],"wp:term":[{"taxonomy":"product_brand","embeddable":true,"href":"https:\/\/trotajueves.es\/libreria\/wp-json\/wp\/v2\/product_brand?post=11876"},{"taxonomy":"product_cat","embeddable":true,"href":"https:\/\/trotajueves.es\/libreria\/wp-json\/wp\/v2\/product_cat?post=11876"},{"taxonomy":"product_tag","embeddable":true,"href":"https:\/\/trotajueves.es\/libreria\/wp-json\/wp\/v2\/product_tag?post=11876"}],"curies":[{"name":"wp","href":"https:\/\/api.w.org\/{rel}","templated":true}]}}