{"id":15222,"date":"2022-11-23T14:08:45","date_gmt":"2022-11-23T13:08:45","guid":{"rendered":"https:\/\/trotajueves.es\/libreria\/?post_type=product&#038;p=15222"},"modified":"2022-11-23T14:10:44","modified_gmt":"2022-11-23T13:10:44","slug":"valientes-idiotas","status":"publish","type":"product","link":"https:\/\/trotajueves.es\/libreria\/producto\/valientes-idiotas\/","title":{"rendered":"VALIENTES IDIOTAS"},"content":{"rendered":"<p>AUTOR:\u00a0 DIVISA LABEL, JAVIER<\/p>\n<p>ESTADO:\u00a0\u00a0\u00a0\u00a0\u00a0\u00a0\u00a0\u00a0 usado<\/p>\n<p>I.S.B.N.:\u00a0 9788416149827<\/p>\n<p>A\u00f1o:\u00a0\u00a0\u00a0\u00a0 2015<\/p>\n<p>Editorial:\u00a0 amargord<\/p>\n<p>P\u00e1ginas:\u00a0 \u00a0 \u00a0 \u00a0 207<\/p>\n<p>Precio: 9 \u20ac<\/p>\n","protected":false},"excerpt":{"rendered":"<p>En los papeles carmes\u00edes que emple\u00f3 la Canciller\u00eda de la Alhambra, Boabdil,el \u00faltimo sult\u00e1n, da testimonio de su vida a la vez q la goza o la sufre.<\/p>\n","protected":false},"featured_media":15223,"template":"","meta":{"_joinchat":[]},"product_brand":[],"product_cat":[30,32,38,36],"product_tag":[68,223,82],"class_list":{"0":"post-15222","1":"product","2":"type-product","3":"status-publish","4":"has-post-thumbnail","6":"product_cat-novela","7":"product_cat-novelaespanola","8":"product_cat-nuevanovela","9":"product_cat-nuevoautor","10":"product_tag-novela-2","11":"product_tag-novela-espanola","12":"product_tag-nuevos-autores","13":"pa_estado-usado","15":"first","16":"instock","17":"shipping-taxable","18":"purchasable","19":"product-type-simple"},"_links":{"self":[{"href":"https:\/\/trotajueves.es\/libreria\/wp-json\/wp\/v2\/product\/15222","targetHints":{"allow":["GET"]}}],"collection":[{"href":"https:\/\/trotajueves.es\/libreria\/wp-json\/wp\/v2\/product"}],"about":[{"href":"https:\/\/trotajueves.es\/libreria\/wp-json\/wp\/v2\/types\/product"}],"wp:featuredmedia":[{"embeddable":true,"href":"https:\/\/trotajueves.es\/libreria\/wp-json\/wp\/v2\/media\/15223"}],"wp:attachment":[{"href":"https:\/\/trotajueves.es\/libreria\/wp-json\/wp\/v2\/media?parent=15222"}],"wp:term":[{"taxonomy":"product_brand","embeddable":true,"href":"https:\/\/trotajueves.es\/libreria\/wp-json\/wp\/v2\/product_brand?post=15222"},{"taxonomy":"product_cat","embeddable":true,"href":"https:\/\/trotajueves.es\/libreria\/wp-json\/wp\/v2\/product_cat?post=15222"},{"taxonomy":"product_tag","embeddable":true,"href":"https:\/\/trotajueves.es\/libreria\/wp-json\/wp\/v2\/product_tag?post=15222"}],"curies":[{"name":"wp","href":"https:\/\/api.w.org\/{rel}","templated":true}]}}

<p>AUTOR:  DIVISA LABEL, JAVIER</p>
<p>ESTADO:         usado</p>
<p>I.S.B.N.:  9788416149827</p>
<p>Año:     2015</p>
<p>Editorial:  amargord</p>
<p>Páginas:        207</p>
<p>Precio: 9 €</p>

<p>En los papeles carmesíes que empleó la Cancillería de la Alhambra, Boabdil,el último sultán, da testimonio de su vida a la vez q la goza o la sufre.</p>
