{"id":15629,"date":"2022-12-09T11:33:29","date_gmt":"2022-12-09T10:33:29","guid":{"rendered":"https:\/\/trotajueves.es\/libreria\/?post_type=product&#038;p=15629"},"modified":"2022-12-09T11:35:35","modified_gmt":"2022-12-09T10:35:35","slug":"introduccion-a-la-interpretacion-de-los-suenos-1","status":"publish","type":"product","link":"https:\/\/trotajueves.es\/libreria\/producto\/introduccion-a-la-interpretacion-de-los-suenos-1\/","title":{"rendered":"introducci\u00f3n a la interpretaci\u00f3n de los sue\u00f1os 1"},"content":{"rendered":"<p>AUTOR:\u00a0 Freud Sigmund<\/p>\n<p>ESTADO:\u00a0\u00a0\u00a0\u00a0\u00a0\u00a0\u00a0\u00a0 usado<\/p>\n<p>I.S.B.N.:\u00a0 \u00a0 8420610348<\/p>\n<p>A\u00f1o:\u00a0 \u00a0 \u00a01975<\/p>\n<p>Editorial: Alianza editorial<\/p>\n<p>P\u00e1ginas:\u00a0 \u00a0 \u00a0 246<\/p>\n<p>Precio: 2 \u20ac<\/p>\n","protected":false},"excerpt":{"rendered":"<p>AUTOR:\u00a0 Freud Sigmund ESTADO:\u00a0\u00a0\u00a0\u00a0\u00a0\u00a0\u00a0\u00a0 usado I.S.B.N.:\u00a0 \u00a0 8420610348 A\u00f1o:\u00a0 \u00a0 \u00a01975 Editorial: Alianza editorial P\u00e1ginas:\u00a0 \u00a0 \u00a0 246 Precio: 2 \u20ac<\/p>\n","protected":false},"featured_media":15630,"template":"","meta":{"_joinchat":[]},"product_brand":[],"product_cat":[42,43],"product_tag":[224,55,69,284],"class_list":{"0":"post-15629","1":"product","2":"type-product","3":"status-publish","4":"has-post-thumbnail","6":"product_cat-ensayo","7":"product_cat-humanidades","8":"product_tag-ensayo","9":"product_tag-filosofia","10":"product_tag-pensamiento","11":"product_tag-psicologia","12":"pa_estado-usado","14":"first","15":"instock","16":"shipping-taxable","17":"purchasable","18":"product-type-simple"},"_links":{"self":[{"href":"https:\/\/trotajueves.es\/libreria\/wp-json\/wp\/v2\/product\/15629","targetHints":{"allow":["GET"]}}],"collection":[{"href":"https:\/\/trotajueves.es\/libreria\/wp-json\/wp\/v2\/product"}],"about":[{"href":"https:\/\/trotajueves.es\/libreria\/wp-json\/wp\/v2\/types\/product"}],"wp:featuredmedia":[{"embeddable":true,"href":"https:\/\/trotajueves.es\/libreria\/wp-json\/wp\/v2\/media\/15630"}],"wp:attachment":[{"href":"https:\/\/trotajueves.es\/libreria\/wp-json\/wp\/v2\/media?parent=15629"}],"wp:term":[{"taxonomy":"product_brand","embeddable":true,"href":"https:\/\/trotajueves.es\/libreria\/wp-json\/wp\/v2\/product_brand?post=15629"},{"taxonomy":"product_cat","embeddable":true,"href":"https:\/\/trotajueves.es\/libreria\/wp-json\/wp\/v2\/product_cat?post=15629"},{"taxonomy":"product_tag","embeddable":true,"href":"https:\/\/trotajueves.es\/libreria\/wp-json\/wp\/v2\/product_tag?post=15629"}],"curies":[{"name":"wp","href":"https:\/\/api.w.org\/{rel}","templated":true}]}}