{"id":27246,"date":"2024-08-29T22:12:44","date_gmt":"2024-08-29T20:12:44","guid":{"rendered":"https:\/\/trotajueves.es\/libreria\/?post_type=product&#038;p=27246"},"modified":"2024-09-25T20:55:25","modified_gmt":"2024-09-25T18:55:25","slug":"la-cancion-de-los-maories-trilogia-de-la-nube-blanca","status":"publish","type":"product","link":"https:\/\/trotajueves.es\/libreria\/producto\/la-cancion-de-los-maories-trilogia-de-la-nube-blanca\/","title":{"rendered":"La Canci\u00f3n De Los Maor\u00edes (trilog\u00eda De La Nube Blanca)"},"content":{"rendered":"<p>AUTOR: Lark,Sarah<\/p>\n<p>I.S.B.N. : 9788466650472<\/p>\n<p>A\u00f1o:2012<\/p>\n<p>Editorial: Ediciones B<\/p>\n<p>P\u00e1ginas:703<\/p>\n<p>Precio: 4 \u20ac<\/p>\n","protected":false},"excerpt":{"rendered":"<p>AUTOR: Lark,Sarah I.S.B.N. : 9788466650472 A\u00f1o:2012 Editorial: Ediciones B P\u00e1ginas:703 Precio: 4 \u20ac<\/p>\n","protected":false},"featured_media":27247,"template":"","meta":{"_joinchat":[]},"product_brand":[],"product_cat":[30,23],"product_tag":[150,226],"class_list":{"0":"post-27246","1":"product","2":"type-product","3":"status-publish","4":"has-post-thumbnail","6":"product_cat-novela","7":"product_cat-novelaextranjera","8":"product_tag-best-seller","9":"product_tag-novela-extranjera","10":"pa_estado-usado","12":"first","13":"instock","14":"shipping-taxable","15":"purchasable","16":"product-type-simple"},"_links":{"self":[{"href":"https:\/\/trotajueves.es\/libreria\/wp-json\/wp\/v2\/product\/27246","targetHints":{"allow":["GET"]}}],"collection":[{"href":"https:\/\/trotajueves.es\/libreria\/wp-json\/wp\/v2\/product"}],"about":[{"href":"https:\/\/trotajueves.es\/libreria\/wp-json\/wp\/v2\/types\/product"}],"wp:featuredmedia":[{"embeddable":true,"href":"https:\/\/trotajueves.es\/libreria\/wp-json\/wp\/v2\/media\/27247"}],"wp:attachment":[{"href":"https:\/\/trotajueves.es\/libreria\/wp-json\/wp\/v2\/media?parent=27246"}],"wp:term":[{"taxonomy":"product_brand","embeddable":true,"href":"https:\/\/trotajueves.es\/libreria\/wp-json\/wp\/v2\/product_brand?post=27246"},{"taxonomy":"product_cat","embeddable":true,"href":"https:\/\/trotajueves.es\/libreria\/wp-json\/wp\/v2\/product_cat?post=27246"},{"taxonomy":"product_tag","embeddable":true,"href":"https:\/\/trotajueves.es\/libreria\/wp-json\/wp\/v2\/product_tag?post=27246"}],"curies":[{"name":"wp","href":"https:\/\/api.w.org\/{rel}","templated":true}]}}