{"id":35570,"date":"2025-02-18T19:25:24","date_gmt":"2025-02-18T18:25:24","guid":{"rendered":"https:\/\/trotajueves.es\/libreria\/?post_type=product&#038;p=35570"},"modified":"2025-12-22T20:35:33","modified_gmt":"2025-12-22T19:35:33","slug":"ciberiada","status":"publish","type":"product","link":"https:\/\/trotajueves.es\/libreria\/producto\/ciberiada\/","title":{"rendered":"Ciber\u00edada"},"content":{"rendered":"<p>AUTOR:\u00a0 \u00a0Lem, Stanislaw<\/p>\n<p>ESTADO:\u00a0 \u00a0Muy bueno (muy pocas se\u00f1ales de uso)<\/p>\n<p>I.S.B.N.: <span data-sheets-root=\"1\">9788420658902<\/span><\/p>\n<p>A\u00f1o:\u00a0 \u00a0 2005<\/p>\n<p>Editorial: Alianza<\/p>\n<p>P\u00e1ginas:\u00a0 \u00a0280<\/p>\n<p>Precio: 6 \u20ac<\/p>\n<p class=\"description-heading\">Descripci\u00f3n:<\/p>\n<p class=\"description-heading\">Traducida a m\u00e1s de treinta lenguas, la obra de Stanislaw Lem contribuy\u00f3 poderosamente a situar el g\u00e9nero de la ciencia ficci\u00f3n en nuevas y originales coordenadas. Los relatos incluidos en\u00a0<em>Ciber\u00edada<\/em>\u00a0\u2013protagonizados por dos expertos \u00abconstructores\u00bb dotados de un profundo conocimiento del cosmos\u2013 actualizan el cuento filos\u00f3fico cultivado por Jonathan Swift y por Voltaire mediante su traslaci\u00f3n al mundo de la rob\u00f3tica. Esta serie de f\u00e1bulas aleg\u00f3ricas, en las que la s\u00e1tira aparece atemperada por el humor y la iron\u00eda, superpone las m\u00e1s imaginativas posibilidades tecnol\u00f3gicas a los esquemas tradicionales del cuento fant\u00e1stico o la leyenda medieval.<\/p>\n","protected":false},"excerpt":{"rendered":"<p>AUTOR:\u00a0 \u00a0Lem, Stanislaw ESTADO:\u00a0 \u00a0Muy bueno (muy pocas se\u00f1ales de uso) I.S.B.N.: 9788420658902 A\u00f1o:\u00a0 \u00a0 2005 Editorial: Alianza P\u00e1ginas:\u00a0 \u00a0280 Precio: 6 \u20ac Descripci\u00f3n: Traducida a m\u00e1s de treinta lenguas, la obra de Stanislaw Lem contribuy\u00f3 poderosamente a situar el g\u00e9nero de la ciencia ficci\u00f3n en nuevas y originales coordenadas. Los relatos incluidos en\u00a0Ciber\u00edada\u00a0\u2013protagonizados por [&hellip;]<\/p>\n","protected":false},"featured_media":35571,"template":"","meta":{"_joinchat":[]},"product_brand":[],"product_cat":[30,23],"product_tag":[48,477,226],"class_list":{"0":"post-35570","1":"product","2":"type-product","3":"status-publish","4":"has-post-thumbnail","6":"product_cat-novela","7":"product_cat-novelaextranjera","8":"product_tag-cc-ficcion","9":"product_tag-narrativa","10":"product_tag-novela-extranjera","11":"pa_estado-usado","13":"first","14":"instock","15":"shipping-taxable","16":"purchasable","17":"product-type-simple"},"_links":{"self":[{"href":"https:\/\/trotajueves.es\/libreria\/wp-json\/wp\/v2\/product\/35570","targetHints":{"allow":["GET"]}}],"collection":[{"href":"https:\/\/trotajueves.es\/libreria\/wp-json\/wp\/v2\/product"}],"about":[{"href":"https:\/\/trotajueves.es\/libreria\/wp-json\/wp\/v2\/types\/product"}],"wp:featuredmedia":[{"embeddable":true,"href":"https:\/\/trotajueves.es\/libreria\/wp-json\/wp\/v2\/media\/35571"}],"wp:attachment":[{"href":"https:\/\/trotajueves.es\/libreria\/wp-json\/wp\/v2\/media?parent=35570"}],"wp:term":[{"taxonomy":"product_brand","embeddable":true,"href":"https:\/\/trotajueves.es\/libreria\/wp-json\/wp\/v2\/product_brand?post=35570"},{"taxonomy":"product_cat","embeddable":true,"href":"https:\/\/trotajueves.es\/libreria\/wp-json\/wp\/v2\/product_cat?post=35570"},{"taxonomy":"product_tag","embeddable":true,"href":"https:\/\/trotajueves.es\/libreria\/wp-json\/wp\/v2\/product_tag?post=35570"}],"curies":[{"name":"wp","href":"https:\/\/api.w.org\/{rel}","templated":true}]}}