{"id":35574,"date":"2025-02-19T19:15:23","date_gmt":"2025-02-19T18:15:23","guid":{"rendered":"https:\/\/trotajueves.es\/libreria\/?post_type=product&#038;p=35574"},"modified":"2025-12-22T20:35:00","modified_gmt":"2025-12-22T19:35:00","slug":"carbono-modificado","status":"publish","type":"product","link":"https:\/\/trotajueves.es\/libreria\/producto\/carbono-modificado\/","title":{"rendered":"Carbono modificado"},"content":{"rendered":"<p>AUTOR:\u00a0 \u00a0Morgan, Richard<\/p>\n<p>ESTADO:\u00a0 \u00a0Bueno (se\u00f1ales normales de uso)<\/p>\n<p>I.S.B.N.: <span data-sheets-root=\"1\">9788416035564<\/span><\/p>\n<p>A\u00f1o:\u00a0 \u00a0 2016<\/p>\n<p>Editorial: Gigamesh<\/p>\n<p>P\u00e1ginas:\u00a0 456<\/p>\n<p>Precio: 42 \u20ac<\/p>\n<p class=\"description-heading\">Descripci\u00f3n:<\/p>\n<p class=\"description-heading\">LIBRO RARO. MUY DESCATALOGADO<\/p>\n<p>La primera obra de Richard Morgan.<\/p>\n<p>Takeshi Kovacs, mercenario y antiguo emisario colonial, hab\u00eda sido juzgado, condenado y almacenado. Pero lo transmiten a la Tierra y lo reaniman en una funda de polic\u00eda a instancias de un millonario&#8230; que le pide que investigue su reciente asesinato. En un futuro en el que se ha vencido a la muerte, el crimen toma derroteros insospechados. Carbono modificado fue la tarjeta de presentaci\u00f3n de Richard Morgan, el punto de arranque de una trilog\u00eda explosiva en la que el gusto por el g\u00e9nero negro del ciberpunk se extrapola a un futuro tecnol\u00f3gico ultraviolento. Una trama adictiva que explora sin concesiones los l\u00edmites f\u00edsicos, sociales y psicol\u00f3gicos de nuestra naturaleza, y de la que se espera su pr\u00f3xima adaptaci\u00f3n como serie en Netflix.<\/p>\n","protected":false},"excerpt":{"rendered":"<p>AUTOR:\u00a0 \u00a0Morgan, Richard ESTADO:\u00a0 \u00a0Bueno (se\u00f1ales normales de uso) I.S.B.N.: 9788416035564 A\u00f1o:\u00a0 \u00a0 2016 Editorial: Gigamesh P\u00e1ginas:\u00a0 456 Precio: 42 \u20ac Descripci\u00f3n: LIBRO RARO. MUY DESCATALOGADO La primera obra de Richard Morgan. Takeshi Kovacs, mercenario y antiguo emisario colonial, hab\u00eda sido juzgado, condenado y almacenado. Pero lo transmiten a la Tierra y lo reaniman en [&hellip;]<\/p>\n","protected":false},"featured_media":35575,"template":"","meta":{"_joinchat":[]},"product_brand":[],"product_cat":[30,23],"product_tag":[48,477,226],"class_list":{"0":"post-35574","1":"product","2":"type-product","3":"status-publish","4":"has-post-thumbnail","6":"product_cat-novela","7":"product_cat-novelaextranjera","8":"product_tag-cc-ficcion","9":"product_tag-narrativa","10":"product_tag-novela-extranjera","11":"pa_estado-usado","13":"first","14":"instock","15":"shipping-taxable","16":"purchasable","17":"product-type-simple"},"_links":{"self":[{"href":"https:\/\/trotajueves.es\/libreria\/wp-json\/wp\/v2\/product\/35574","targetHints":{"allow":["GET"]}}],"collection":[{"href":"https:\/\/trotajueves.es\/libreria\/wp-json\/wp\/v2\/product"}],"about":[{"href":"https:\/\/trotajueves.es\/libreria\/wp-json\/wp\/v2\/types\/product"}],"wp:featuredmedia":[{"embeddable":true,"href":"https:\/\/trotajueves.es\/libreria\/wp-json\/wp\/v2\/media\/35575"}],"wp:attachment":[{"href":"https:\/\/trotajueves.es\/libreria\/wp-json\/wp\/v2\/media?parent=35574"}],"wp:term":[{"taxonomy":"product_brand","embeddable":true,"href":"https:\/\/trotajueves.es\/libreria\/wp-json\/wp\/v2\/product_brand?post=35574"},{"taxonomy":"product_cat","embeddable":true,"href":"https:\/\/trotajueves.es\/libreria\/wp-json\/wp\/v2\/product_cat?post=35574"},{"taxonomy":"product_tag","embeddable":true,"href":"https:\/\/trotajueves.es\/libreria\/wp-json\/wp\/v2\/product_tag?post=35574"}],"curies":[{"name":"wp","href":"https:\/\/api.w.org\/{rel}","templated":true}]}}