{"id":35615,"date":"2025-03-05T13:10:57","date_gmt":"2025-03-05T12:10:57","guid":{"rendered":"https:\/\/trotajueves.es\/libreria\/?post_type=product&#038;p=35615"},"modified":"2025-12-22T22:16:30","modified_gmt":"2025-12-22T21:16:30","slug":"dali-gaudi-nonell-tres-artistas-catalanes","status":"publish","type":"product","link":"https:\/\/trotajueves.es\/libreria\/producto\/dali-gaudi-nonell-tres-artistas-catalanes\/","title":{"rendered":"Dal\u00ed, Gaud\u00ed, Nonell. Tres artistas catalanes"},"content":{"rendered":"<p>AUTOR:\u00a0 \u00a0Josep Pla<\/p>\n<p>ESTADO:\u00a0 Bueno (marcas de uso)<\/p>\n<p>I.S.B.N.: <span data-sheets-root=\"1\">8420645044<\/span><\/p>\n<p>A\u00f1o: 1986<\/p>\n<p>Editorial: Alianza<\/p>\n<p>P\u00e1ginas:<\/p>\n<p>Precio: 3<\/p>\n<p class=\"description-heading\">Descripci\u00f3n:<\/p>\n<p>Libro de teor\u00eda del arte en relaci\u00f3n a la obra de estos tres artistas catalanes.<\/p>\n","protected":false},"excerpt":{"rendered":"<p>AUTOR:\u00a0 \u00a0Josep Pla ESTADO:\u00a0 Bueno (marcas de uso) I.S.B.N.: 8420645044 A\u00f1o: 1986 Editorial: Alianza P\u00e1ginas: Precio: 3 Descripci\u00f3n: Libro de teor\u00eda del arte en relaci\u00f3n a la obra de estos tres artistas catalanes.<\/p>\n","protected":false},"featured_media":35616,"template":"","meta":{"_joinchat":[]},"product_brand":[],"product_cat":[41,79],"product_tag":[45,131,105],"class_list":{"0":"post-35615","1":"product","2":"type-product","3":"status-publish","4":"has-post-thumbnail","6":"product_cat-album","7":"product_cat-otros","8":"product_tag-arte","9":"product_tag-escultura","10":"product_tag-pintura","11":"pa_estado-usado","13":"first","14":"instock","15":"shipping-taxable","16":"purchasable","17":"product-type-simple"},"_links":{"self":[{"href":"https:\/\/trotajueves.es\/libreria\/wp-json\/wp\/v2\/product\/35615","targetHints":{"allow":["GET"]}}],"collection":[{"href":"https:\/\/trotajueves.es\/libreria\/wp-json\/wp\/v2\/product"}],"about":[{"href":"https:\/\/trotajueves.es\/libreria\/wp-json\/wp\/v2\/types\/product"}],"wp:featuredmedia":[{"embeddable":true,"href":"https:\/\/trotajueves.es\/libreria\/wp-json\/wp\/v2\/media\/35616"}],"wp:attachment":[{"href":"https:\/\/trotajueves.es\/libreria\/wp-json\/wp\/v2\/media?parent=35615"}],"wp:term":[{"taxonomy":"product_brand","embeddable":true,"href":"https:\/\/trotajueves.es\/libreria\/wp-json\/wp\/v2\/product_brand?post=35615"},{"taxonomy":"product_cat","embeddable":true,"href":"https:\/\/trotajueves.es\/libreria\/wp-json\/wp\/v2\/product_cat?post=35615"},{"taxonomy":"product_tag","embeddable":true,"href":"https:\/\/trotajueves.es\/libreria\/wp-json\/wp\/v2\/product_tag?post=35615"}],"curies":[{"name":"wp","href":"https:\/\/api.w.org\/{rel}","templated":true}]}}