{"id":35642,"date":"2025-03-11T14:32:42","date_gmt":"2025-03-11T13:32:42","guid":{"rendered":"https:\/\/trotajueves.es\/libreria\/?post_type=product&#038;p=35642"},"modified":"2025-12-22T19:14:41","modified_gmt":"2025-12-22T18:14:41","slug":"larson-el-hombre-con-mas-suerte-del-mundo","status":"publish","type":"product","link":"https:\/\/trotajueves.es\/libreria\/producto\/larson-el-hombre-con-mas-suerte-del-mundo\/","title":{"rendered":"Larson: El hombre con m\u00e1s suerte del mundo"},"content":{"rendered":"<p>AUTOR:\u00a0 \u00a0Javi de Castro<\/p>\n<p>ESTADO:\u00a0 Muy bueno<\/p>\n<p>I.S.B.N.: <span data-sheets-root=\"1\">9788494781407<\/span><\/p>\n<p>A\u00f1o: 2017<\/p>\n<p>Editorial: Modernito Books<\/p>\n<p>P\u00e1ginas: 172<\/p>\n<p>Precio: 8<\/p>\n<p class=\"description-heading\">Descripci\u00f3n:<\/p>\n<p>En 1984, Michael Larson, un vendedor ambulante de helados de Ohio, particip\u00f3 en Press Your Luck, un concurso televisivo donde el azar decid\u00eda si segu\u00edas acumulando dinero o lo perd\u00edas todo. Larson gan\u00f3 120.237 d\u00f3lares tras 40 rondas seguidas, 20 veces m\u00e1s que la media de los concursantes, cuadriplicando la cifra que la CBS consideraba el tope para volver a participar en alg\u00fan programa de la cadena y reventando todos los datos de estad\u00edstica y probabilidad, \u00bfes posible tener tanta suerte?<\/p>\n","protected":false},"excerpt":{"rendered":"<p>AUTOR:\u00a0 \u00a0Javi de Castro ESTADO:\u00a0 Muy bueno I.S.B.N.: 9788494781407 A\u00f1o: 2017 Editorial: Modernito Books P\u00e1ginas: 172 Precio: 8 Descripci\u00f3n: En 1984, Michael Larson, un vendedor ambulante de helados de Ohio, particip\u00f3 en Press Your Luck, un concurso televisivo donde el azar decid\u00eda si segu\u00edas acumulando dinero o lo perd\u00edas todo. Larson gan\u00f3 120.237 d\u00f3lares tras [&hellip;]<\/p>\n","protected":false},"featured_media":35643,"template":"","meta":{"_joinchat":[]},"product_brand":[],"product_cat":[41,605],"product_tag":[45,285,112,59,95],"class_list":{"0":"post-35642","1":"product","2":"type-product","3":"status-publish","4":"has-post-thumbnail","6":"product_cat-album","7":"product_cat-comic-novela-grafica","8":"product_tag-arte","9":"product_tag-comic","10":"product_tag-eeuu","11":"product_tag-historia","12":"product_tag-ilustracion","13":"pa_estado-usado","15":"first","16":"instock","17":"shipping-taxable","18":"purchasable","19":"product-type-simple"},"_links":{"self":[{"href":"https:\/\/trotajueves.es\/libreria\/wp-json\/wp\/v2\/product\/35642","targetHints":{"allow":["GET"]}}],"collection":[{"href":"https:\/\/trotajueves.es\/libreria\/wp-json\/wp\/v2\/product"}],"about":[{"href":"https:\/\/trotajueves.es\/libreria\/wp-json\/wp\/v2\/types\/product"}],"wp:featuredmedia":[{"embeddable":true,"href":"https:\/\/trotajueves.es\/libreria\/wp-json\/wp\/v2\/media\/35643"}],"wp:attachment":[{"href":"https:\/\/trotajueves.es\/libreria\/wp-json\/wp\/v2\/media?parent=35642"}],"wp:term":[{"taxonomy":"product_brand","embeddable":true,"href":"https:\/\/trotajueves.es\/libreria\/wp-json\/wp\/v2\/product_brand?post=35642"},{"taxonomy":"product_cat","embeddable":true,"href":"https:\/\/trotajueves.es\/libreria\/wp-json\/wp\/v2\/product_cat?post=35642"},{"taxonomy":"product_tag","embeddable":true,"href":"https:\/\/trotajueves.es\/libreria\/wp-json\/wp\/v2\/product_tag?post=35642"}],"curies":[{"name":"wp","href":"https:\/\/api.w.org\/{rel}","templated":true}]}}