{"id":35660,"date":"2025-03-11T20:44:43","date_gmt":"2025-03-11T19:44:43","guid":{"rendered":"https:\/\/trotajueves.es\/libreria\/?post_type=product&#038;p=35660"},"modified":"2025-03-11T20:48:33","modified_gmt":"2025-03-11T19:48:33","slug":"valentina-tomo-1","status":"publish","type":"product","link":"https:\/\/trotajueves.es\/libreria\/producto\/valentina-tomo-1\/","title":{"rendered":"Valentina. Tomo 1"},"content":{"rendered":"<p>AUTOR:\u00a0 \u00a0Guido Crepax<\/p>\n<p>ESTADO:\u00a0 Muy bueno<\/p>\n<p>I.S.B.N.: <span data-sheets-root=\"1\">9788498474787<\/span><\/p>\n<p>A\u00f1o: 2012<\/p>\n<p>Editorial: Norma<\/p>\n<p>P\u00e1ginas:<\/p>\n<p>Precio: 49<\/p>\n<p class=\"description-heading\">Descripci\u00f3n:<\/p>\n<p>Guido Crepax, uno de los maestros del c\u00f3mic italiano, cre\u00f3 en 1965 a\u00a0<em>Valentina<\/em>, un personaje secundario que pronto se convertir\u00eda en la protagonista absoluta de historias on\u00edricas y aventuras con peque\u00f1as dosis de erotismo. Un personaje extraordinario, un \u00e1ngel edificante que no conoce moralismos ni hipocres\u00edas. Incluye\u00a0<em>La curva de lesmo<\/em>, una historia in\u00e9dita en Espa\u00f1a.<\/p>\n<p>Libro descatalogado. Encuadernaci\u00f3n en tapa dura y en perfecto estado.<\/p>\n","protected":false},"excerpt":{"rendered":"<p>AUTOR:\u00a0 \u00a0Guido Crepax ESTADO:\u00a0 Muy bueno I.S.B.N.: 9788498474787 A\u00f1o: 2012 Editorial: Norma P\u00e1ginas: Precio: 49 Descripci\u00f3n: Guido Crepax, uno de los maestros del c\u00f3mic italiano, cre\u00f3 en 1965 a\u00a0Valentina, un personaje secundario que pronto se convertir\u00eda en la protagonista absoluta de historias on\u00edricas y aventuras con peque\u00f1as dosis de erotismo. Un personaje extraordinario, un \u00e1ngel [&hellip;]<\/p>\n","protected":false},"featured_media":35661,"template":"","meta":{"_joinchat":[]},"product_brand":[],"product_cat":[41,605],"product_tag":[45,285,95],"class_list":{"0":"post-35660","1":"product","2":"type-product","3":"status-publish","4":"has-post-thumbnail","6":"product_cat-album","7":"product_cat-comic-novela-grafica","8":"product_tag-arte","9":"product_tag-comic","10":"product_tag-ilustracion","11":"pa_estado-usado","13":"first","14":"instock","15":"shipping-taxable","16":"purchasable","17":"product-type-simple"},"_links":{"self":[{"href":"https:\/\/trotajueves.es\/libreria\/wp-json\/wp\/v2\/product\/35660","targetHints":{"allow":["GET"]}}],"collection":[{"href":"https:\/\/trotajueves.es\/libreria\/wp-json\/wp\/v2\/product"}],"about":[{"href":"https:\/\/trotajueves.es\/libreria\/wp-json\/wp\/v2\/types\/product"}],"wp:featuredmedia":[{"embeddable":true,"href":"https:\/\/trotajueves.es\/libreria\/wp-json\/wp\/v2\/media\/35661"}],"wp:attachment":[{"href":"https:\/\/trotajueves.es\/libreria\/wp-json\/wp\/v2\/media?parent=35660"}],"wp:term":[{"taxonomy":"product_brand","embeddable":true,"href":"https:\/\/trotajueves.es\/libreria\/wp-json\/wp\/v2\/product_brand?post=35660"},{"taxonomy":"product_cat","embeddable":true,"href":"https:\/\/trotajueves.es\/libreria\/wp-json\/wp\/v2\/product_cat?post=35660"},{"taxonomy":"product_tag","embeddable":true,"href":"https:\/\/trotajueves.es\/libreria\/wp-json\/wp\/v2\/product_tag?post=35660"}],"curies":[{"name":"wp","href":"https:\/\/api.w.org\/{rel}","templated":true}]}}