{"id":35675,"date":"2025-03-24T18:18:46","date_gmt":"2025-03-24T17:18:46","guid":{"rendered":"https:\/\/trotajueves.es\/libreria\/?post_type=product&#038;p=35675"},"modified":"2025-12-22T22:22:53","modified_gmt":"2025-12-22T21:22:53","slug":"el-alma-del-hombre-bajo-el-socialismo","status":"publish","type":"product","link":"https:\/\/trotajueves.es\/libreria\/producto\/el-alma-del-hombre-bajo-el-socialismo\/","title":{"rendered":"El alma del hombre bajo el socialismo"},"content":{"rendered":"<p>AUTOR:\u00a0 \u00a0Oscar Wilde<\/p>\n<p>ESTADO:\u00a0 Bueno (se\u00f1ales de uso)<\/p>\n<p>I.S.B.N.: <span data-sheets-root=\"1\">8472235661<\/span><\/p>\n<p>A\u00f1o: 1975<\/p>\n<p>Editorial: Tusquets<\/p>\n<p>P\u00e1ginas: 70<\/p>\n<p>Precio: 5.50<\/p>\n<p class=\"description-heading\">Descripci\u00f3n:<\/p>\n<p><i>\u00abLa principal ventaja de implantar el socialismo es, indudablemente, el hecho de que nos exonerar\u00eda de esa s\u00f3rdida carga de tener que vivir para los dem\u00e1s\u00bb. Oscar Wilde<\/i>\u00a0En esta colecci\u00f3n de ensayos de Oscar Wilde descubrimos una faceta un tanto olvidada del dramaturgo y narrador irland\u00e9s, que tambi\u00e9n rezuma ingenio y una asombrosa erudici\u00f3n. En ellos se manifiestan con toda evidencia sus intereses hist\u00f3ricos, filos\u00f3ficos, pol\u00edticos y est\u00e9ticos, as\u00ed como su incomparable talento para convertir el conocimiento en el placer intelectual m\u00e1s ameno. Entre los textos m\u00e1s sugerentes reunidos en este libro destaca\u00a0<i>El alma del hombre bajo el socialismo<\/i>, publicado en 1891 como una de las piezas m\u00e1s controvertidas y pol\u00e9micas de su obra. La etapa socialista de Oscar Wilde fue fugaz, lo que no impide que este op\u00fasculo sea una pieza muy singular de su genio creativo: un texto que se integra en el g\u00e9nero ut\u00f3pico, donde se proyecta un socialismo poco convencional que huye del marxismo o del anarquismo m\u00e1s revolucionario.<\/p>\n","protected":false},"excerpt":{"rendered":"<p>AUTOR:\u00a0 \u00a0Oscar Wilde ESTADO:\u00a0 Bueno (se\u00f1ales de uso) I.S.B.N.: 8472235661 A\u00f1o: 1975 Editorial: Tusquets P\u00e1ginas: 70 Precio: 5.50 Descripci\u00f3n: \u00abLa principal ventaja de implantar el socialismo es, indudablemente, el hecho de que nos exonerar\u00eda de esa s\u00f3rdida carga de tener que vivir para los dem\u00e1s\u00bb. Oscar Wilde\u00a0En esta colecci\u00f3n de ensayos de Oscar Wilde descubrimos [&hellip;]<\/p>\n","protected":false},"featured_media":35676,"template":"","meta":{"_joinchat":[]},"product_brand":[],"product_cat":[42,43],"product_tag":[72,269],"class_list":{"0":"post-35675","1":"product","2":"type-product","3":"status-publish","4":"has-post-thumbnail","6":"product_cat-ensayo","7":"product_cat-humanidades","8":"product_tag-politica","9":"product_tag-socialismo","10":"pa_estado-usado","12":"first","13":"instock","14":"shipping-taxable","15":"purchasable","16":"product-type-simple"},"_links":{"self":[{"href":"https:\/\/trotajueves.es\/libreria\/wp-json\/wp\/v2\/product\/35675","targetHints":{"allow":["GET"]}}],"collection":[{"href":"https:\/\/trotajueves.es\/libreria\/wp-json\/wp\/v2\/product"}],"about":[{"href":"https:\/\/trotajueves.es\/libreria\/wp-json\/wp\/v2\/types\/product"}],"wp:featuredmedia":[{"embeddable":true,"href":"https:\/\/trotajueves.es\/libreria\/wp-json\/wp\/v2\/media\/35676"}],"wp:attachment":[{"href":"https:\/\/trotajueves.es\/libreria\/wp-json\/wp\/v2\/media?parent=35675"}],"wp:term":[{"taxonomy":"product_brand","embeddable":true,"href":"https:\/\/trotajueves.es\/libreria\/wp-json\/wp\/v2\/product_brand?post=35675"},{"taxonomy":"product_cat","embeddable":true,"href":"https:\/\/trotajueves.es\/libreria\/wp-json\/wp\/v2\/product_cat?post=35675"},{"taxonomy":"product_tag","embeddable":true,"href":"https:\/\/trotajueves.es\/libreria\/wp-json\/wp\/v2\/product_tag?post=35675"}],"curies":[{"name":"wp","href":"https:\/\/api.w.org\/{rel}","templated":true}]}}