{"id":36187,"date":"2025-12-12T14:00:53","date_gmt":"2025-12-12T13:00:53","guid":{"rendered":"https:\/\/trotajueves.es\/libreria\/?post_type=product&#038;p=36187"},"modified":"2025-12-12T14:02:53","modified_gmt":"2025-12-12T13:02:53","slug":"morderse-la-lengua-correccion-politica-y-posverdad","status":"publish","type":"product","link":"https:\/\/trotajueves.es\/libreria\/producto\/morderse-la-lengua-correccion-politica-y-posverdad\/","title":{"rendered":"Morderse La Lengua: Correcci\u00f3n Pol\u00edtica Y Posverdad"},"content":{"rendered":"<p>AUTOR: Villanueva, Dar\u00edo<\/p>\n<p>ESTADO:\u00a0\u00a0\u00a0\u00a0\u00a0\u00a0\u00a0\u00a0 usado<\/p>\n<p>I.S.B.N.:\u00a0 9788467061987<\/p>\n<p>A\u00f1o:\u00a0 \u00a0 \u00a02021<\/p>\n<p>Editorial:\u00a0 Espasa Calpe<\/p>\n<p>P\u00e1ginas:\u00a0 \u00a0 \u00a0 \u00a0\u00a0384<\/p>\n<p>Precio:\u00a0 \u00a06 \u20ac<\/p>\n","protected":false},"excerpt":{"rendered":"<p>AUTOR: Villanueva, Dar\u00edo ESTADO:\u00a0\u00a0\u00a0\u00a0\u00a0\u00a0\u00a0\u00a0 usado I.S.B.N.:\u00a0 9788467061987 A\u00f1o:\u00a0 \u00a0 \u00a02021 Editorial:\u00a0 Espasa Calpe P\u00e1ginas:\u00a0 \u00a0 \u00a0 \u00a0\u00a0384 Precio:\u00a0 \u00a06 \u20ac<\/p>\n","protected":false},"featured_media":36188,"template":"","meta":{"_joinchat":[]},"product_brand":[],"product_cat":[42,43],"product_tag":[234,325,70,72],"class_list":{"0":"post-36187","1":"product","2":"type-product","3":"status-publish","4":"has-post-thumbnail","6":"product_cat-ensayo","7":"product_cat-humanidades","8":"product_tag-humanidades","9":"product_tag-lengua","10":"product_tag-periodismo","11":"product_tag-politica","12":"pa_estado-usado","14":"first","15":"instock","16":"shipping-taxable","17":"purchasable","18":"product-type-simple"},"_links":{"self":[{"href":"https:\/\/trotajueves.es\/libreria\/wp-json\/wp\/v2\/product\/36187","targetHints":{"allow":["GET"]}}],"collection":[{"href":"https:\/\/trotajueves.es\/libreria\/wp-json\/wp\/v2\/product"}],"about":[{"href":"https:\/\/trotajueves.es\/libreria\/wp-json\/wp\/v2\/types\/product"}],"wp:featuredmedia":[{"embeddable":true,"href":"https:\/\/trotajueves.es\/libreria\/wp-json\/wp\/v2\/media\/36188"}],"wp:attachment":[{"href":"https:\/\/trotajueves.es\/libreria\/wp-json\/wp\/v2\/media?parent=36187"}],"wp:term":[{"taxonomy":"product_brand","embeddable":true,"href":"https:\/\/trotajueves.es\/libreria\/wp-json\/wp\/v2\/product_brand?post=36187"},{"taxonomy":"product_cat","embeddable":true,"href":"https:\/\/trotajueves.es\/libreria\/wp-json\/wp\/v2\/product_cat?post=36187"},{"taxonomy":"product_tag","embeddable":true,"href":"https:\/\/trotajueves.es\/libreria\/wp-json\/wp\/v2\/product_tag?post=36187"}],"curies":[{"name":"wp","href":"https:\/\/api.w.org\/{rel}","templated":true}]}}