{"id":3666,"date":"2016-03-16T18:54:58","date_gmt":"2016-03-16T18:54:58","guid":{"rendered":"http:\/\/trotajueves.es\/libreria\/?product=bajo-la-bandera-de-la-rebelion-rosa-luxemburgo-y-la-revolucion-alemana"},"modified":"2016-08-04T09:02:54","modified_gmt":"2016-08-04T09:02:54","slug":"bajo-la-bandera-de-la-rebelion-rosa-luxemburgo-y-la-revolucion-alemana","status":"publish","type":"product","link":"https:\/\/trotajueves.es\/libreria\/producto\/bajo-la-bandera-de-la-rebelion-rosa-luxemburgo-y-la-revolucion-alemana\/","title":{"rendered":"Bajo la bandera de la rebeli\u00f3n. Rosa Luxemburgo y la revoluci\u00f3n alemana"},"content":{"rendered":"<p>AUTOR:\u00a0\u00a0\u00a0\u00a0\u00a0\u00a0\u00a0\u00a0\u00a0\u00a0\u00a0 Juan Ignacio Ramos<\/p>\n<p>ESTADO:\u00a0\u00a0\u00a0\u00a0\u00a0\u00a0\u00a0\u00a0 nuevo<\/p>\n<p>I.S.B.N.:\u00a0\u00a0\u00a0\u00a0\u00a0\u00a0\u00a0\u00a0\u00a0\u00a0 978-84-96276-98-7<\/p>\n<p>A\u00f1o:\u00a0\u00a0\u00a0\u00a0 2014<\/p>\n<p>Editorial:\u00a0\u00a0\u00a0\u00a0\u00a0\u00a0\u00a0\u00a0\u00a0\u00a0 Fundaci\u00f3n Federico Engels<\/p>\n<p>P\u00e1ginas:\u00a0\u00a0\u00a0\u00a0\u00a0\u00a0\u00a0\u00a0\u00a0\u00a0 490<\/p>\n<p>Precio:\u00a0 15 \u20ac<\/p>\n","protected":false},"excerpt":{"rendered":"<p>Para el conjunto de los activistas de izquierda de habla castellana, la revoluci\u00f3n socialista alemana y la obra de Rosa Luxemburgo no son tan conocidas como la revoluci\u00f3n rusa y las aportaciones pol\u00edticas de Lenin y Trotsky. Hay una escasez de materiales al respecto, y muchos de los libros se\u00f1eros sobre esta cuesti\u00f3n se agotaron y permanecen descatalogados desde hace mucho tiempo.<\/p>\n","protected":false},"featured_media":3667,"template":"","meta":{"_joinchat":[]},"product_brand":[],"product_cat":[42,43,39],"product_tag":[224,121,59,268,257,69,72,269,76],"class_list":{"0":"post-3666","1":"product","2":"type-product","3":"status-publish","4":"has-post-thumbnail","6":"product_cat-ensayo","7":"product_cat-humanidades","8":"product_cat-nuevosotros","9":"product_tag-ensayo","10":"product_tag-europa","11":"product_tag-historia","12":"product_tag-marxismo","13":"product_tag-nuevo","14":"product_tag-pensamiento","15":"product_tag-politica","16":"product_tag-socialismo","17":"product_tag-sociologia","18":"pa_estado-nuevo","20":"first","21":"instock","22":"shipping-taxable","23":"purchasable","24":"product-type-simple"},"_links":{"self":[{"href":"https:\/\/trotajueves.es\/libreria\/wp-json\/wp\/v2\/product\/3666","targetHints":{"allow":["GET"]}}],"collection":[{"href":"https:\/\/trotajueves.es\/libreria\/wp-json\/wp\/v2\/product"}],"about":[{"href":"https:\/\/trotajueves.es\/libreria\/wp-json\/wp\/v2\/types\/product"}],"wp:featuredmedia":[{"embeddable":true,"href":"https:\/\/trotajueves.es\/libreria\/wp-json\/wp\/v2\/media\/3667"}],"wp:attachment":[{"href":"https:\/\/trotajueves.es\/libreria\/wp-json\/wp\/v2\/media?parent=3666"}],"wp:term":[{"taxonomy":"product_brand","embeddable":true,"href":"https:\/\/trotajueves.es\/libreria\/wp-json\/wp\/v2\/product_brand?post=3666"},{"taxonomy":"product_cat","embeddable":true,"href":"https:\/\/trotajueves.es\/libreria\/wp-json\/wp\/v2\/product_cat?post=3666"},{"taxonomy":"product_tag","embeddable":true,"href":"https:\/\/trotajueves.es\/libreria\/wp-json\/wp\/v2\/product_tag?post=3666"}],"curies":[{"name":"wp","href":"https:\/\/api.w.org\/{rel}","templated":true}]}}

Bajo la bandera de la rebelión. Rosa Luxemburgo y la revolución alemana

<p>AUTOR:            Juan Ignacio Ramos</p>
<p>ESTADO:         nuevo</p>
<p>I.S.B.N.:           978-84-96276-98-7</p>
<p>Año:     2014</p>
<p>Editorial:           Fundación Federico Engels</p>
<p>Páginas:           490</p>
<p>Precio:  15 €</p>

<p>Para el conjunto de los activistas de izquierda de habla castellana, la revolución socialista alemana y la obra de Rosa Luxemburgo no son tan conocidas como la revolución rusa y las aportaciones políticas de Lenin y Trotsky. Hay una escasez de materiales al respecto, y muchos de los libros señeros sobre esta cuestión se agotaron y permanecen descatalogados desde hace mucho tiempo.</p>
