{"id":3676,"date":"2016-03-16T19:46:37","date_gmt":"2016-03-16T19:46:37","guid":{"rendered":"http:\/\/trotajueves.es\/libreria\/?product=la-guerra-y-la-internacional"},"modified":"2016-08-04T09:02:18","modified_gmt":"2016-08-04T09:02:18","slug":"la-guerra-y-la-internacional","status":"publish","type":"product","link":"https:\/\/trotajueves.es\/libreria\/producto\/la-guerra-y-la-internacional\/","title":{"rendered":"La guerra y la internacional"},"content":{"rendered":"<p>AUTOR:\u00a0\u00a0\u00a0\u00a0\u00a0\u00a0\u00a0\u00a0\u00a0\u00a0\u00a0 Le\u00f3n Trosky<\/p>\n<p>ESTADO:\u00a0\u00a0\u00a0\u00a0\u00a0\u00a0\u00a0\u00a0 nuevo<\/p>\n<p>I.S.B.N.:\u00a0\u00a0\u00a0\u00a0\u00a0\u00a0\u00a0\u00a0\u00a0\u00a0 978-84-16285-09-9<\/p>\n<p>A\u00f1o:\u00a0\u00a0\u00a0\u00a0 2015<\/p>\n<p>Editorial:\u00a0\u00a0\u00a0\u00a0\u00a0\u00a0\u00a0\u00a0\u00a0\u00a0 Fundaci\u00f3n Federico Engels<\/p>\n<p>P\u00e1ginas:\u00a0\u00a0\u00a0\u00a0\u00a0\u00a0\u00a0\u00a0\u00a0\u00a0 156<\/p>\n<p>Precio: 8 \u20ac<\/p>\n","protected":false},"excerpt":{"rendered":"<p>Trotsky escribi\u00f3 esta obra en octubre de 1914, desencadenada ya la Primera Guerra Mundial. A partir de de un an\u00e1lisis de la situaci\u00f3n explosiva en los Balcanes, aborda el tema de la guerra y cr\u00edtica la posici\u00f3n de los socialdem\u00f3cratas y su teor\u00eda sobre el car\u00e1cter defensivo de la guerra.<\/p>\n","protected":false},"featured_media":3678,"template":"","meta":{"_joinchat":[]},"product_brand":[],"product_cat":[42,43,39],"product_tag":[270,224,59,257,69,72,76,271],"class_list":{"0":"post-3676","1":"product","2":"type-product","3":"status-publish","4":"has-post-thumbnail","6":"product_cat-ensayo","7":"product_cat-humanidades","8":"product_cat-nuevosotros","9":"product_tag-comunismo","10":"product_tag-ensayo","11":"product_tag-historia","12":"product_tag-nuevo","13":"product_tag-pensamiento","14":"product_tag-politica","15":"product_tag-sociologia","16":"product_tag-troskismo","17":"pa_estado-nuevo","19":"first","20":"instock","21":"shipping-taxable","22":"purchasable","23":"product-type-simple"},"_links":{"self":[{"href":"https:\/\/trotajueves.es\/libreria\/wp-json\/wp\/v2\/product\/3676","targetHints":{"allow":["GET"]}}],"collection":[{"href":"https:\/\/trotajueves.es\/libreria\/wp-json\/wp\/v2\/product"}],"about":[{"href":"https:\/\/trotajueves.es\/libreria\/wp-json\/wp\/v2\/types\/product"}],"wp:featuredmedia":[{"embeddable":true,"href":"https:\/\/trotajueves.es\/libreria\/wp-json\/wp\/v2\/media\/3678"}],"wp:attachment":[{"href":"https:\/\/trotajueves.es\/libreria\/wp-json\/wp\/v2\/media?parent=3676"}],"wp:term":[{"taxonomy":"product_brand","embeddable":true,"href":"https:\/\/trotajueves.es\/libreria\/wp-json\/wp\/v2\/product_brand?post=3676"},{"taxonomy":"product_cat","embeddable":true,"href":"https:\/\/trotajueves.es\/libreria\/wp-json\/wp\/v2\/product_cat?post=3676"},{"taxonomy":"product_tag","embeddable":true,"href":"https:\/\/trotajueves.es\/libreria\/wp-json\/wp\/v2\/product_tag?post=3676"}],"curies":[{"name":"wp","href":"https:\/\/api.w.org\/{rel}","templated":true}]}}

<p>AUTOR:            León Trosky</p>
<p>ESTADO:         nuevo</p>
<p>I.S.B.N.:           978-84-16285-09-9</p>
<p>Año:     2015</p>
<p>Editorial:           Fundación Federico Engels</p>
<p>Páginas:           156</p>
<p>Precio: 8 €</p>

<p>Trotsky escribió esta obra en octubre de 1914, desencadenada ya la Primera Guerra Mundial. A partir de de un análisis de la situación explosiva en los Balcanes, aborda el tema de la guerra y crítica la posición de los socialdemócratas y su teoría sobre el carácter defensivo de la guerra.</p>
