{"id":4021,"date":"2016-08-03T09:18:51","date_gmt":"2016-08-03T09:18:51","guid":{"rendered":"http:\/\/trotajueves.es\/libreria\/?product=miradas"},"modified":"2025-02-12T20:44:44","modified_gmt":"2025-02-12T19:44:44","slug":"miradas","status":"publish","type":"product","link":"https:\/\/trotajueves.es\/libreria\/producto\/miradas\/","title":{"rendered":"M\u00e1scaras"},"content":{"rendered":"<p>PONERSE EN CONTACTO CON LA LIBRER\u00cdA PARA EL ENV\u00cdO<\/p>\n<p>AUTOR:\u00a0\u00a0\u00a0\u00a0\u00a0\u00a0\u00a0\u00a0\u00a0\u00a0\u00a0 Alberto schommer<\/p>\n<p>ESTADO:\u00a0\u00a0\u00a0\u00a0\u00a0\u00a0\u00a0\u00a0 Usado<\/p>\n<p>I.S.B.N.:\u00a0\u00a0\u00a0\u00a0\u00a0\u00a0\u00a0\u00a0\u00a0\u00a0 84-7506-469-8<\/p>\n<p>A\u00f1o:\u00a0\u00a0\u00a0\u00a0 1996<\/p>\n<p>Editorial:\u00a0\u00a0\u00a0\u00a0\u00a0\u00a0\u00a0\u00a0\u00a0\u00a0 Turner libros<\/p>\n<p>P\u00e1ginas:\u00a0\u00a0\u00a0\u00a0\u00a0\u00a0\u00a0\u00a0\u00a0\u00a0 221<\/p>\n<p>Precio:\u00a0 12\u00a0 \u20ac<\/p>\n","protected":false},"excerpt":{"rendered":"<p>PONERSE EN CONTACTO CON LA LIBRER\u00cdA PARA EL ENV\u00cdO AUTOR:\u00a0\u00a0\u00a0\u00a0\u00a0\u00a0\u00a0\u00a0\u00a0\u00a0\u00a0 Alberto schommer ESTADO:\u00a0\u00a0\u00a0\u00a0\u00a0\u00a0\u00a0\u00a0 Usado I.S.B.N.:\u00a0\u00a0\u00a0\u00a0\u00a0\u00a0\u00a0\u00a0\u00a0\u00a0 84-7506-469-8 A\u00f1o:\u00a0\u00a0\u00a0\u00a0 1996 Editorial:\u00a0\u00a0\u00a0\u00a0\u00a0\u00a0\u00a0\u00a0\u00a0\u00a0 Turner libros P\u00e1ginas:\u00a0\u00a0\u00a0\u00a0\u00a0\u00a0\u00a0\u00a0\u00a0\u00a0 221 Precio:\u00a0 12\u00a0 \u20ac<\/p>\n","protected":false},"featured_media":4022,"template":"","meta":{"_joinchat":[]},"product_brand":[],"product_cat":[41],"product_tag":[45,106,56],"class_list":{"0":"post-4021","1":"product","2":"type-product","3":"status-publish","4":"has-post-thumbnail","6":"product_cat-album","7":"product_tag-arte","8":"product_tag-espana","9":"product_tag-fotografia","10":"product_shipping_class-paquetes-pesados","11":"pa_estado-usado","13":"first","14":"instock","15":"shipping-taxable","16":"purchasable","17":"product-type-simple"},"_links":{"self":[{"href":"https:\/\/trotajueves.es\/libreria\/wp-json\/wp\/v2\/product\/4021","targetHints":{"allow":["GET"]}}],"collection":[{"href":"https:\/\/trotajueves.es\/libreria\/wp-json\/wp\/v2\/product"}],"about":[{"href":"https:\/\/trotajueves.es\/libreria\/wp-json\/wp\/v2\/types\/product"}],"wp:featuredmedia":[{"embeddable":true,"href":"https:\/\/trotajueves.es\/libreria\/wp-json\/wp\/v2\/media\/4022"}],"wp:attachment":[{"href":"https:\/\/trotajueves.es\/libreria\/wp-json\/wp\/v2\/media?parent=4021"}],"wp:term":[{"taxonomy":"product_brand","embeddable":true,"href":"https:\/\/trotajueves.es\/libreria\/wp-json\/wp\/v2\/product_brand?post=4021"},{"taxonomy":"product_cat","embeddable":true,"href":"https:\/\/trotajueves.es\/libreria\/wp-json\/wp\/v2\/product_cat?post=4021"},{"taxonomy":"product_tag","embeddable":true,"href":"https:\/\/trotajueves.es\/libreria\/wp-json\/wp\/v2\/product_tag?post=4021"}],"curies":[{"name":"wp","href":"https:\/\/api.w.org\/{rel}","templated":true}]}}