{"id":5036,"date":"2017-05-19T20:50:44","date_gmt":"2017-05-19T20:50:44","guid":{"rendered":"http:\/\/trotajueves.es\/libreria\/?product=me-llamo-rigoberta-menchu-y-asi-me-nacio-la-conciencia-2"},"modified":"2017-05-19T20:56:16","modified_gmt":"2017-05-19T20:56:16","slug":"me-llamo-rigoberta-menchu-y-asi-me-nacio-la-conciencia-2","status":"publish","type":"product","link":"https:\/\/trotajueves.es\/libreria\/producto\/me-llamo-rigoberta-menchu-y-asi-me-nacio-la-conciencia-2\/","title":{"rendered":"Me llamo Rigoberta Mench\u00fa y as\u00ed me naci\u00f3 la conciencia"},"content":{"rendered":"<p>AUTOR: Burgos \/ Elizabeth<br \/>\nESTADO: usado<br \/>\nI.S.B.N.: 84-322-4688-3<br \/>\nA\u00f1o: 1992<br \/>\nEditorial: seix Barral<br \/>\nP\u00e1ginas: 284<br \/>\nPrecio: 5<\/p>\n","protected":false},"excerpt":{"rendered":"<p>AUTOR: Burgos \/ Elizabeth ESTADO: usado I.S.B.N.: 84-322-4688-3 A\u00f1o: 1992 Editorial: seix Barral P\u00e1ginas: 284 Precio: 5<\/p>\n","protected":false},"featured_media":5037,"template":"","meta":{"_joinchat":[]},"product_brand":[],"product_cat":[42],"product_tag":[227,47,349,91,69],"class_list":{"0":"post-5036","1":"product","2":"type-product","3":"status-publish","4":"has-post-thumbnail","6":"product_cat-ensayo","7":"product_tag-america","8":"product_tag-biografia","9":"product_tag-indigena","10":"product_tag-latinoamerica","11":"product_tag-pensamiento","12":"pa_estado-usado","14":"first","15":"instock","16":"shipping-taxable","17":"purchasable","18":"product-type-simple"},"_links":{"self":[{"href":"https:\/\/trotajueves.es\/libreria\/wp-json\/wp\/v2\/product\/5036","targetHints":{"allow":["GET"]}}],"collection":[{"href":"https:\/\/trotajueves.es\/libreria\/wp-json\/wp\/v2\/product"}],"about":[{"href":"https:\/\/trotajueves.es\/libreria\/wp-json\/wp\/v2\/types\/product"}],"wp:featuredmedia":[{"embeddable":true,"href":"https:\/\/trotajueves.es\/libreria\/wp-json\/wp\/v2\/media\/5037"}],"wp:attachment":[{"href":"https:\/\/trotajueves.es\/libreria\/wp-json\/wp\/v2\/media?parent=5036"}],"wp:term":[{"taxonomy":"product_brand","embeddable":true,"href":"https:\/\/trotajueves.es\/libreria\/wp-json\/wp\/v2\/product_brand?post=5036"},{"taxonomy":"product_cat","embeddable":true,"href":"https:\/\/trotajueves.es\/libreria\/wp-json\/wp\/v2\/product_cat?post=5036"},{"taxonomy":"product_tag","embeddable":true,"href":"https:\/\/trotajueves.es\/libreria\/wp-json\/wp\/v2\/product_tag?post=5036"}],"curies":[{"name":"wp","href":"https:\/\/api.w.org\/{rel}","templated":true}]}}