{"id":5048,"date":"2017-05-25T16:46:55","date_gmt":"2017-05-25T16:46:55","guid":{"rendered":"http:\/\/trotajueves.es\/libreria\/?product=impresiones-de-mis-viajes-por-las-indias"},"modified":"2020-05-27T18:11:44","modified_gmt":"2020-05-27T18:11:44","slug":"impresiones-de-mis-viajes-por-las-indias","status":"publish","type":"product","link":"https:\/\/trotajueves.es\/libreria\/producto\/impresiones-de-mis-viajes-por-las-indias\/","title":{"rendered":"Impresiones de mis viajes por las Indias"},"content":{"rendered":"<p>AUTOR: \u00a0 \u00a0 \u00a0 \u00a0 \u00a0\u00a0 Princesa Prem Kaur de Kapurtthala (Anita Delgado)<\/p>\n<p>ESTADO: \u00a0 \u00a0 \u00a0 \u00a0nuevo<\/p>\n<p>I.S.B.N.: \u00a0 \u00a0 \u00a0 \u00a0\u00a0 978-84-15374-98-5<\/p>\n<p>A\u00f1o:\u00a0\u00a0\u00a0\u00a0 2017<\/p>\n<p>Editorial:\u00a0\u00a0\u00a0\u00a0\u00a0\u00a0\u00a0\u00a0\u00a0\u00a0 ediciones del viento<\/p>\n<p>P\u00e1ginas: \u00a0 \u00a0 \u00a0 123<\/p>\n<p>Precio:\u00a0 16<\/p>\n","protected":false},"excerpt":{"rendered":"<p>Anita Delgado, la Maharan\u00ed espa\u00f1ola vive en Kapurthala desde 1907 y acaba de cumplir veintitr\u00e9s a\u00f1os cuando empieza las anotaciones de sus recuerdos para este libro de viajes. A lo largo de dieciocho meses, se describen tres importantes viajes diplom\u00e1ticos que la pareja de Pr\u00edncipes de Kapurthala realiz\u00f3 por las Indias Brit\u00e1nicas: El primero en 1913, a varios reinos de Rajputana, el segundo en la navidad del mismo a\u00f1o a Calcuta y Birmania, y el tercero en el verano de 1914, al Decc\u00e1n e Hyderabad.<\/p>\n","protected":false},"featured_media":5049,"template":"","meta":{"_joinchat":[]},"product_brand":[],"product_cat":[208,201,206,34],"product_tag":[122,47,202,51,106,121,59,143,257,70,93],"class_list":{"0":"post-5048","1":"product","2":"type-product","3":"status-publish","4":"has-post-thumbnail","6":"product_cat-asia","7":"product_cat-biografias-de-viajes","8":"product_cat-europa","9":"product_cat-viaje","10":"product_tag-asia","11":"product_tag-biografia","12":"product_tag-biografia-de-viaje","13":"product_tag-clasico","14":"product_tag-espana","15":"product_tag-europa","16":"product_tag-historia","17":"product_tag-india","18":"product_tag-nuevo","19":"product_tag-periodismo","20":"product_tag-viaje-2","21":"pa_estado-nuevo","23":"first","24":"instock","25":"featured","26":"shipping-taxable","27":"purchasable","28":"product-type-simple"},"_links":{"self":[{"href":"https:\/\/trotajueves.es\/libreria\/wp-json\/wp\/v2\/product\/5048","targetHints":{"allow":["GET"]}}],"collection":[{"href":"https:\/\/trotajueves.es\/libreria\/wp-json\/wp\/v2\/product"}],"about":[{"href":"https:\/\/trotajueves.es\/libreria\/wp-json\/wp\/v2\/types\/product"}],"wp:featuredmedia":[{"embeddable":true,"href":"https:\/\/trotajueves.es\/libreria\/wp-json\/wp\/v2\/media\/5049"}],"wp:attachment":[{"href":"https:\/\/trotajueves.es\/libreria\/wp-json\/wp\/v2\/media?parent=5048"}],"wp:term":[{"taxonomy":"product_brand","embeddable":true,"href":"https:\/\/trotajueves.es\/libreria\/wp-json\/wp\/v2\/product_brand?post=5048"},{"taxonomy":"product_cat","embeddable":true,"href":"https:\/\/trotajueves.es\/libreria\/wp-json\/wp\/v2\/product_cat?post=5048"},{"taxonomy":"product_tag","embeddable":true,"href":"https:\/\/trotajueves.es\/libreria\/wp-json\/wp\/v2\/product_tag?post=5048"}],"curies":[{"name":"wp","href":"https:\/\/api.w.org\/{rel}","templated":true}]}}