{"id":5052,"date":"2017-05-25T17:08:35","date_gmt":"2017-05-25T17:08:35","guid":{"rendered":"http:\/\/trotajueves.es\/libreria\/?product=viaje-a-rusia"},"modified":"2017-05-25T17:12:06","modified_gmt":"2017-05-25T17:12:06","slug":"viaje-a-rusia","status":"publish","type":"product","link":"https:\/\/trotajueves.es\/libreria\/producto\/viaje-a-rusia\/","title":{"rendered":"Viaje a Rusia"},"content":{"rendered":"<p>AUTOR: \u00a0 \u00a0 \u00a0 \u00a0 \u00a0 Stefan Zweig<\/p>\n<p>ESTADO: \u00a0 \u00a0 \u00a0 \u00a0nuevo<\/p>\n<p>I.S.B.N.: \u00a0 \u00a0 \u00a0 \u00a0\u00a0 978-84-15707-23-3<\/p>\n<p>A\u00f1o:\u00a0\u00a0\u00a0\u00a0 2014<\/p>\n<p>Editorial:\u00a0\u00a0\u00a0\u00a0\u00a0\u00a0\u00a0\u00a0\u00a0\u00a0 ediciones sequitur<\/p>\n<p>P\u00e1ginas: \u00a0 \u00a0 \u00a0 93<\/p>\n<p>Precio:\u00a0 17<\/p>\n","protected":false},"excerpt":{"rendered":"<p>Ser\u00e1 la \u00fanica visita que preste a la Uni\u00f3n Sovi\u00e9tica, y durar\u00e1 apenas dos semanas, sin embargo, ser\u00e1 ah\u00ed donde sentir\u00e1, como en ning\u00fan otro momento de su vida, la fuerza de la corriente de su \u00e9poca.<\/p>\n","protected":false},"featured_media":5053,"template":"","meta":{"_joinchat":[]},"product_brand":[],"product_cat":[201,206,34],"product_tag":[47,202,270,59,257,70,71,278,93],"class_list":{"0":"post-5052","1":"product","2":"type-product","3":"status-publish","4":"has-post-thumbnail","6":"product_cat-biografias-de-viajes","7":"product_cat-europa","8":"product_cat-viaje","9":"product_tag-biografia","10":"product_tag-biografia-de-viaje","11":"product_tag-comunismo","12":"product_tag-historia","13":"product_tag-nuevo","14":"product_tag-periodismo","15":"product_tag-poesia-2","16":"product_tag-rusia","17":"product_tag-viaje-2","18":"pa_estado-nuevo","20":"first","21":"instock","22":"featured","23":"shipping-taxable","24":"purchasable","25":"product-type-simple"},"_links":{"self":[{"href":"https:\/\/trotajueves.es\/libreria\/wp-json\/wp\/v2\/product\/5052","targetHints":{"allow":["GET"]}}],"collection":[{"href":"https:\/\/trotajueves.es\/libreria\/wp-json\/wp\/v2\/product"}],"about":[{"href":"https:\/\/trotajueves.es\/libreria\/wp-json\/wp\/v2\/types\/product"}],"wp:featuredmedia":[{"embeddable":true,"href":"https:\/\/trotajueves.es\/libreria\/wp-json\/wp\/v2\/media\/5053"}],"wp:attachment":[{"href":"https:\/\/trotajueves.es\/libreria\/wp-json\/wp\/v2\/media?parent=5052"}],"wp:term":[{"taxonomy":"product_brand","embeddable":true,"href":"https:\/\/trotajueves.es\/libreria\/wp-json\/wp\/v2\/product_brand?post=5052"},{"taxonomy":"product_cat","embeddable":true,"href":"https:\/\/trotajueves.es\/libreria\/wp-json\/wp\/v2\/product_cat?post=5052"},{"taxonomy":"product_tag","embeddable":true,"href":"https:\/\/trotajueves.es\/libreria\/wp-json\/wp\/v2\/product_tag?post=5052"}],"curies":[{"name":"wp","href":"https:\/\/api.w.org\/{rel}","templated":true}]}}