{"id":5876,"date":"2019-01-25T18:25:21","date_gmt":"2019-01-25T18:25:21","guid":{"rendered":"http:\/\/trotajueves.es\/libreria\/?post_type=product&#038;p=5876"},"modified":"2019-01-25T18:27:20","modified_gmt":"2019-01-25T18:27:20","slug":"el-rumor-de-la-frontera-viaje-por-el-borde-entre-estados-unidos-y-mexico","status":"publish","type":"product","link":"https:\/\/trotajueves.es\/libreria\/producto\/el-rumor-de-la-frontera-viaje-por-el-borde-entre-estados-unidos-y-mexico\/","title":{"rendered":"El rumor de la frontera : viaje por el borde entre Estados Unidos y M\u00e9xico"},"content":{"rendered":"<p>AUTOR:\u00a0\u00a0\u00a0\u00a0\u00a0\u00a0\u00a0\u00a0\u00a0 Armada, Alfonso<\/p>\n<p>ESTADO:\u00a0\u00a0\u00a0\u00a0\u00a0\u00a0\u00a0\u00a0 nuevo<\/p>\n<p>I.S.B.N.:\u00a0\u00a0\u00a0\u00a0\u00a0\u00a0\u00a0\u00a0\u00a0\u00a0 9788499425207<\/p>\n<p>A\u00f1o:\u00a0\u00a0\u00a0\u00a0 2016<\/p>\n<p>Editorial:\u00a0\u00a0\u00a0\u00a0\u00a0\u00a0\u00a0 Pen\u00ednsula<\/p>\n<p>P\u00e1ginas:\u00a0\u00a0\u00a0\u00a0\u00a0\u00a0\u00a0\u00a0\u00a0\u00a0 117<\/p>\n<p>Precio:\u00a0 20 \u20ac<\/p>\n","protected":false},"excerpt":{"rendered":"<p>El instinto de la escritura. La responsabilidad de la prensa. Una mirada hist\u00f3rica al mundo \u00e1rabe. Feminismo y periodismo para contar el mundo. En este di\u00e1logo de larga distancia, Maruja Torres (Barcelona, 1943) y M\u00f3nica G. Prieto (Badajoz, 1974) recuerdan sus cr\u00f3nicas \u2014sobre cine o sobre Chechenia\u2014 y discuten sobre la transformaci\u00f3n social y la banalidad. La obra incluye ilustraciones de Cinta Fosch.<\/p>\n","protected":false},"featured_media":5877,"template":"","meta":{"_joinchat":[]},"product_brand":[],"product_cat":[209,201,42,36,39,205,34],"product_tag":[227,112,224,56,234,218,119,70,93],"class_list":{"0":"post-5876","1":"product","2":"type-product","3":"status-publish","4":"has-post-thumbnail","6":"product_cat-america","7":"product_cat-biografias-de-viajes","8":"product_cat-ensayo","9":"product_cat-nuevoautor","10":"product_cat-nuevosotros","11":"product_cat-por-continentes","12":"product_cat-viaje","13":"product_tag-america","14":"product_tag-eeuu","15":"product_tag-ensayo","16":"product_tag-fotografia","17":"product_tag-humanidades","18":"product_tag-mar","19":"product_tag-mundo","20":"product_tag-periodismo","21":"product_tag-viaje-2","22":"pa_estado-nuevo","24":"first","25":"instock","26":"featured","27":"shipping-taxable","28":"purchasable","29":"product-type-simple"},"_links":{"self":[{"href":"https:\/\/trotajueves.es\/libreria\/wp-json\/wp\/v2\/product\/5876","targetHints":{"allow":["GET"]}}],"collection":[{"href":"https:\/\/trotajueves.es\/libreria\/wp-json\/wp\/v2\/product"}],"about":[{"href":"https:\/\/trotajueves.es\/libreria\/wp-json\/wp\/v2\/types\/product"}],"wp:featuredmedia":[{"embeddable":true,"href":"https:\/\/trotajueves.es\/libreria\/wp-json\/wp\/v2\/media\/5877"}],"wp:attachment":[{"href":"https:\/\/trotajueves.es\/libreria\/wp-json\/wp\/v2\/media?parent=5876"}],"wp:term":[{"taxonomy":"product_brand","embeddable":true,"href":"https:\/\/trotajueves.es\/libreria\/wp-json\/wp\/v2\/product_brand?post=5876"},{"taxonomy":"product_cat","embeddable":true,"href":"https:\/\/trotajueves.es\/libreria\/wp-json\/wp\/v2\/product_cat?post=5876"},{"taxonomy":"product_tag","embeddable":true,"href":"https:\/\/trotajueves.es\/libreria\/wp-json\/wp\/v2\/product_tag?post=5876"}],"curies":[{"name":"wp","href":"https:\/\/api.w.org\/{rel}","templated":true}]}}