{"id":7197,"date":"2020-05-26T16:02:45","date_gmt":"2020-05-26T16:02:45","guid":{"rendered":"http:\/\/trotajueves.es\/libreria\/?post_type=product&#038;p=7197"},"modified":"2025-12-22T19:55:23","modified_gmt":"2025-12-22T18:55:23","slug":"mortadelo-y-filemon-el-balon-catastrofico","status":"publish","type":"product","link":"https:\/\/trotajueves.es\/libreria\/producto\/mortadelo-y-filemon-el-balon-catastrofico\/","title":{"rendered":"Mortadelo y Filem\u00f3n. El bal\u00f3n catastr\u00f3fico"},"content":{"rendered":"<p>AUTOR:\u00a0 \u00a0 \u00a0 \u00a0 \u00a0 \u00a0 \u00a0IB\u00c1\u00d1EZ, F.<\/p>\n<p>ESTADO:\u00a0 \u00a0 \u00a0 \u00a0 \u00a0usado<\/p>\n<p>I.S.B.N.: 8440646399<\/p>\n<p>A\u00f1o:\u00a0 \u00a0\u00a01995<\/p>\n<p>Editorial:\u00a0 \u00a0 \u00a0 \u00a0 EdicionesB<\/p>\n<p>P\u00e1ginas:<\/p>\n<p>Precio:\u00a03 \u20ac<\/p>\n","protected":false},"excerpt":{"rendered":"<p>AUTOR:\u00a0 \u00a0 \u00a0 \u00a0 \u00a0 \u00a0 \u00a0IB\u00c1\u00d1EZ, F. ESTADO:\u00a0 \u00a0 \u00a0 \u00a0 \u00a0usado I.S.B.N.: 8440646399 A\u00f1o:\u00a0 \u00a0\u00a01995 Editorial:\u00a0 \u00a0 \u00a0 \u00a0 EdicionesB P\u00e1ginas: Precio:\u00a03 \u20ac<\/p>\n","protected":false},"featured_media":7198,"template":"","meta":{"_joinchat":[]},"product_brand":[],"product_cat":[41,149,605],"product_tag":[264,285,106,405],"class_list":{"0":"post-7197","1":"product","2":"type-product","3":"status-publish","4":"has-post-thumbnail","6":"product_cat-album","7":"product_cat-colecciones","8":"product_cat-comic-novela-grafica","9":"product_tag-antiguo","10":"product_tag-comic","11":"product_tag-espana","12":"product_tag-tebeo","13":"pa_estado-usado","15":"first","16":"instock","17":"shipping-taxable","18":"purchasable","19":"product-type-simple"},"_links":{"self":[{"href":"https:\/\/trotajueves.es\/libreria\/wp-json\/wp\/v2\/product\/7197","targetHints":{"allow":["GET"]}}],"collection":[{"href":"https:\/\/trotajueves.es\/libreria\/wp-json\/wp\/v2\/product"}],"about":[{"href":"https:\/\/trotajueves.es\/libreria\/wp-json\/wp\/v2\/types\/product"}],"wp:featuredmedia":[{"embeddable":true,"href":"https:\/\/trotajueves.es\/libreria\/wp-json\/wp\/v2\/media\/7198"}],"wp:attachment":[{"href":"https:\/\/trotajueves.es\/libreria\/wp-json\/wp\/v2\/media?parent=7197"}],"wp:term":[{"taxonomy":"product_brand","embeddable":true,"href":"https:\/\/trotajueves.es\/libreria\/wp-json\/wp\/v2\/product_brand?post=7197"},{"taxonomy":"product_cat","embeddable":true,"href":"https:\/\/trotajueves.es\/libreria\/wp-json\/wp\/v2\/product_cat?post=7197"},{"taxonomy":"product_tag","embeddable":true,"href":"https:\/\/trotajueves.es\/libreria\/wp-json\/wp\/v2\/product_tag?post=7197"}],"curies":[{"name":"wp","href":"https:\/\/api.w.org\/{rel}","templated":true}]}}