{"id":7533,"date":"2020-06-12T18:57:17","date_gmt":"2020-06-12T18:57:17","guid":{"rendered":"http:\/\/trotajueves.es\/libreria\/?post_type=product&#038;p=7533"},"modified":"2020-06-12T18:59:15","modified_gmt":"2020-06-12T18:59:15","slug":"asi-como-suena-una-historia-insolita-de-la-musica-clasica","status":"publish","type":"product","link":"https:\/\/trotajueves.es\/libreria\/producto\/asi-como-suena-una-historia-insolita-de-la-musica-clasica\/","title":{"rendered":"As\u00ed como suena. Una historia ins\u00f3lita de la m\u00fasica cl\u00e1sica"},"content":{"rendered":"<p>AUTOR:\u00a0 \u00a0 \u00a0 \u00a0 \u00a0 \u00a0 Lindt,\u00a0 Lawerence<\/p>\n<p>ESTADO:\u00a0 \u00a0 \u00a0 \u00a0 \u00a0usado<\/p>\n<p>I.S.B.N.:\u00a0 \u00a0 8495601095<\/p>\n<p>A\u00f1o:\u00a0 \u00a0 \u00a02001<\/p>\n<p>Editorial:\u00a0 \u00a0 \u00a0 \u00a0 \u00a0 Robinbook<\/p>\n<p>P\u00e1ginas:\u00a0 \u00a0 \u00a0 \u00a0 \u00a0\u00a0238<\/p>\n<p>Precio: 15 \u20ac<\/p>\n","protected":false},"excerpt":{"rendered":"<p>AUTOR:\u00a0 \u00a0 \u00a0 \u00a0 \u00a0 \u00a0 Lindt,\u00a0 Lawerence ESTADO:\u00a0 \u00a0 \u00a0 \u00a0 \u00a0usado I.S.B.N.:\u00a0 \u00a0 8495601095 A\u00f1o:\u00a0 \u00a0 \u00a02001 Editorial:\u00a0 \u00a0 \u00a0 \u00a0 \u00a0 Robinbook P\u00e1ginas:\u00a0 \u00a0 \u00a0 \u00a0 \u00a0\u00a0238 Precio: 15 \u20ac<\/p>\n","protected":false},"featured_media":7534,"template":"","meta":{"_joinchat":[]},"product_brand":[],"product_cat":[43,79],"product_tag":[335,224,66],"class_list":{"0":"post-7533","1":"product","2":"type-product","3":"status-publish","4":"has-post-thumbnail","6":"product_cat-humanidades","7":"product_cat-otros","8":"product_tag-clasica","9":"product_tag-ensayo","10":"product_tag-musica","11":"pa_estado-usado","13":"first","14":"instock","15":"shipping-taxable","16":"purchasable","17":"product-type-simple"},"_links":{"self":[{"href":"https:\/\/trotajueves.es\/libreria\/wp-json\/wp\/v2\/product\/7533","targetHints":{"allow":["GET"]}}],"collection":[{"href":"https:\/\/trotajueves.es\/libreria\/wp-json\/wp\/v2\/product"}],"about":[{"href":"https:\/\/trotajueves.es\/libreria\/wp-json\/wp\/v2\/types\/product"}],"wp:featuredmedia":[{"embeddable":true,"href":"https:\/\/trotajueves.es\/libreria\/wp-json\/wp\/v2\/media\/7534"}],"wp:attachment":[{"href":"https:\/\/trotajueves.es\/libreria\/wp-json\/wp\/v2\/media?parent=7533"}],"wp:term":[{"taxonomy":"product_brand","embeddable":true,"href":"https:\/\/trotajueves.es\/libreria\/wp-json\/wp\/v2\/product_brand?post=7533"},{"taxonomy":"product_cat","embeddable":true,"href":"https:\/\/trotajueves.es\/libreria\/wp-json\/wp\/v2\/product_cat?post=7533"},{"taxonomy":"product_tag","embeddable":true,"href":"https:\/\/trotajueves.es\/libreria\/wp-json\/wp\/v2\/product_tag?post=7533"}],"curies":[{"name":"wp","href":"https:\/\/api.w.org\/{rel}","templated":true}]}}