{"id":7608,"date":"2020-06-17T18:01:23","date_gmt":"2020-06-17T18:01:23","guid":{"rendered":"http:\/\/trotajueves.es\/libreria\/?post_type=product&#038;p=7608"},"modified":"2020-06-17T18:05:53","modified_gmt":"2020-06-17T18:05:53","slug":"les-chemins-despagne-memoires-et-documents-sur-la-guerre-secrete-a-travers-les-pyrenees-1940-1945","status":"publish","type":"product","link":"https:\/\/trotajueves.es\/libreria\/producto\/les-chemins-despagne-memoires-et-documents-sur-la-guerre-secrete-a-travers-les-pyrenees-1940-1945\/","title":{"rendered":"LES CHEMINS D&#8217;ESPAGNE. Memoires et documents sur la guerre secr\u00e8te a travers les Pyr\u00e9n\u00e9es. (1940-1945)"},"content":{"rendered":"<p>AUTOR:\u00a0 \u00a0Ipp\u00e9court<\/p>\n<p>ESTADO:\u00a0\u00a0\u00a0\u00a0\u00a0\u00a0\u00a0\u00a0 usado<\/p>\n<p>I.S.B.N.:<\/p>\n<p>A\u00f1o:\u00a0 \u00a0 \u00a01948<\/p>\n<p>Editorial:\u00a0 \u00a0 \u00a0 Gaucher<\/p>\n<p>P\u00e1ginas:\u00a0 \u00a0 \u00a0 \u00a0 \u00a0 396<\/p>\n<p>Precio:\u00a018 \u20ac<\/p>\n","protected":false},"excerpt":{"rendered":"<p>AUTOR:\u00a0 \u00a0Ipp\u00e9court ESTADO:\u00a0\u00a0\u00a0\u00a0\u00a0\u00a0\u00a0\u00a0 usado I.S.B.N.: A\u00f1o:\u00a0 \u00a0 \u00a01948 Editorial:\u00a0 \u00a0 \u00a0 Gaucher P\u00e1ginas:\u00a0 \u00a0 \u00a0 \u00a0 \u00a0 396 Precio:\u00a018 \u20ac<\/p>\n","protected":false},"featured_media":7609,"template":"","meta":{"_joinchat":[]},"product_brand":[],"product_cat":[42,34],"product_tag":[126,264,224,106,368,72,93],"class_list":{"0":"post-7608","1":"product","2":"type-product","3":"status-publish","4":"has-post-thumbnail","6":"product_cat-ensayo","7":"product_cat-viaje","8":"product_tag-antifascista","9":"product_tag-antiguo","10":"product_tag-ensayo","11":"product_tag-espana","12":"product_tag-guerra","13":"product_tag-politica","14":"product_tag-viaje-2","15":"pa_estado-antiguo","17":"first","18":"instock","19":"shipping-taxable","20":"purchasable","21":"product-type-simple"},"_links":{"self":[{"href":"https:\/\/trotajueves.es\/libreria\/wp-json\/wp\/v2\/product\/7608","targetHints":{"allow":["GET"]}}],"collection":[{"href":"https:\/\/trotajueves.es\/libreria\/wp-json\/wp\/v2\/product"}],"about":[{"href":"https:\/\/trotajueves.es\/libreria\/wp-json\/wp\/v2\/types\/product"}],"wp:featuredmedia":[{"embeddable":true,"href":"https:\/\/trotajueves.es\/libreria\/wp-json\/wp\/v2\/media\/7609"}],"wp:attachment":[{"href":"https:\/\/trotajueves.es\/libreria\/wp-json\/wp\/v2\/media?parent=7608"}],"wp:term":[{"taxonomy":"product_brand","embeddable":true,"href":"https:\/\/trotajueves.es\/libreria\/wp-json\/wp\/v2\/product_brand?post=7608"},{"taxonomy":"product_cat","embeddable":true,"href":"https:\/\/trotajueves.es\/libreria\/wp-json\/wp\/v2\/product_cat?post=7608"},{"taxonomy":"product_tag","embeddable":true,"href":"https:\/\/trotajueves.es\/libreria\/wp-json\/wp\/v2\/product_tag?post=7608"}],"curies":[{"name":"wp","href":"https:\/\/api.w.org\/{rel}","templated":true}]}}

LES CHEMINS D&#8217;ESPAGNE. Memoires et documents sur la guerre secrète a travers les Pyrénées. (1940-1945)

<p>AUTOR:   Ippécourt</p>
<p>ESTADO:         usado</p>
<p>I.S.B.N.:</p>
<p>Año:     1948</p>
<p>Editorial:      Gaucher</p>
<p>Páginas:          396</p>
<p>Precio: 18 €</p>

<p>AUTOR:   Ippécourt ESTADO:         usado I.S.B.N.: Año:     1948 Editorial:      Gaucher Páginas:          396 Precio: 18 €</p>
