{"id":761,"date":"2014-10-07T10:33:02","date_gmt":"2014-10-07T10:33:02","guid":{"rendered":"http:\/\/trotajueves.es\/libreria\/?post_type=product&#038;p=761"},"modified":"2022-08-09T12:22:51","modified_gmt":"2022-08-09T10:22:51","slug":"cartas-de-relacion","status":"publish","type":"product","link":"https:\/\/trotajueves.es\/libreria\/producto\/cartas-de-relacion\/","title":{"rendered":"Cartas de relaci\u00f3n a Carlos V"},"content":{"rendered":"<p>AUTOR: Cort\u00e9s \/ Hern\u00e1n<br \/>\nESTADO: usado<br \/>\nI.S.B.N.: 8476792344<br \/>\nA\u00f1o: 1999<br \/>\nEditorial: Cambio 16<br \/>\nP\u00e1ginas: 219<br \/>\nPrecio: 4<\/p>\n","protected":false},"excerpt":{"rendered":"<p>AUTOR: Cort\u00e9s \/ Hern\u00e1n ESTADO: usado I.S.B.N.: 8476792344 A\u00f1o: 1999 Editorial: Cambio 16 P\u00e1ginas: 219 Precio: 4<\/p>\n","protected":false},"featured_media":13852,"template":"","meta":{"_joinchat":[]},"product_brand":[],"product_cat":[209,206,34,203],"product_tag":[227,47,202,51,106,59,91,93],"class_list":{"0":"post-761","1":"product","2":"type-product","3":"status-publish","4":"has-post-thumbnail","6":"product_cat-america","7":"product_cat-europa","8":"product_cat-viaje","9":"product_cat-viaje-en-la-historia","10":"product_tag-america","11":"product_tag-biografia","12":"product_tag-biografia-de-viaje","13":"product_tag-clasico","14":"product_tag-espana","15":"product_tag-historia","16":"product_tag-latinoamerica","17":"product_tag-viaje-2","18":"pa_estado-usado","20":"first","21":"instock","22":"shipping-taxable","23":"purchasable","24":"product-type-simple"},"_links":{"self":[{"href":"https:\/\/trotajueves.es\/libreria\/wp-json\/wp\/v2\/product\/761","targetHints":{"allow":["GET"]}}],"collection":[{"href":"https:\/\/trotajueves.es\/libreria\/wp-json\/wp\/v2\/product"}],"about":[{"href":"https:\/\/trotajueves.es\/libreria\/wp-json\/wp\/v2\/types\/product"}],"wp:featuredmedia":[{"embeddable":true,"href":"https:\/\/trotajueves.es\/libreria\/wp-json\/wp\/v2\/media\/13852"}],"wp:attachment":[{"href":"https:\/\/trotajueves.es\/libreria\/wp-json\/wp\/v2\/media?parent=761"}],"wp:term":[{"taxonomy":"product_brand","embeddable":true,"href":"https:\/\/trotajueves.es\/libreria\/wp-json\/wp\/v2\/product_brand?post=761"},{"taxonomy":"product_cat","embeddable":true,"href":"https:\/\/trotajueves.es\/libreria\/wp-json\/wp\/v2\/product_cat?post=761"},{"taxonomy":"product_tag","embeddable":true,"href":"https:\/\/trotajueves.es\/libreria\/wp-json\/wp\/v2\/product_tag?post=761"}],"curies":[{"name":"wp","href":"https:\/\/api.w.org\/{rel}","templated":true}]}}