{"id":7817,"date":"2020-07-24T19:02:40","date_gmt":"2020-07-24T19:02:40","guid":{"rendered":"http:\/\/trotajueves.es\/libreria\/?post_type=product&#038;p=7817"},"modified":"2020-12-28T19:44:27","modified_gmt":"2020-12-28T18:44:27","slug":"el-manifiesto-comunista-2","status":"publish","type":"product","link":"https:\/\/trotajueves.es\/libreria\/producto\/el-manifiesto-comunista-2\/","title":{"rendered":"El Manifiesto Comunista"},"content":{"rendered":"<p>AUTOR:\u00a0\u00a0\u00a0\u00a0\u00a0\u00a0\u00a0\u00a0\u00a0\u00a0\u00a0 Carlos Marx, Federico Engels<\/p>\n<p>ESTADO:\u00a0 \u00a0 \u00a0 \u00a0 \u00a0usado<\/p>\n<p>I.S.B.N.:\u00a0 \u00a0 \u00a0 \u00a0 \u00a0 8473392027<\/p>\n<p>A\u00f1o:\u00a0 \u00a0 \u00a01977<\/p>\n<p>Editorial:\u00a0 \u00a0 \u00a0 \u00a0 \u00a0 Ayuso<\/p>\n<p>P\u00e1ginas:\u00a0 \u00a0 \u00a0 \u00a0 \u00a0 \u00a059<\/p>\n<p>Precio:\u00a0 3 \u20ac<\/p>\n","protected":false},"excerpt":{"rendered":"<p>Lo que en su origen fue un encargo de la Liga de los Comunistas para la redacci\u00f3n de un programa del partido, se ha convertido desde su publicaci\u00f3n hasta el d\u00eda de hoy para millones de j\u00f3venes y trabajadores de todo el mundo en un texto fundamental, no s\u00f3lo para poder explicar la verdadera naturaleza de la crisis y la opresi\u00f3n del sistema capitalista<\/p>\n","protected":false},"featured_media":7818,"template":"","meta":{"_joinchat":[]},"product_brand":[],"product_cat":[42,43],"product_tag":[270,224,59,257,69,72,76],"class_list":{"0":"post-7817","1":"product","2":"type-product","3":"status-publish","4":"has-post-thumbnail","6":"product_cat-ensayo","7":"product_cat-humanidades","8":"product_tag-comunismo","9":"product_tag-ensayo","10":"product_tag-historia","11":"product_tag-nuevo","12":"product_tag-pensamiento","13":"product_tag-politica","14":"product_tag-sociologia","15":"pa_estado-usado","17":"first","18":"instock","19":"shipping-taxable","20":"purchasable","21":"product-type-simple"},"_links":{"self":[{"href":"https:\/\/trotajueves.es\/libreria\/wp-json\/wp\/v2\/product\/7817","targetHints":{"allow":["GET"]}}],"collection":[{"href":"https:\/\/trotajueves.es\/libreria\/wp-json\/wp\/v2\/product"}],"about":[{"href":"https:\/\/trotajueves.es\/libreria\/wp-json\/wp\/v2\/types\/product"}],"wp:featuredmedia":[{"embeddable":true,"href":"https:\/\/trotajueves.es\/libreria\/wp-json\/wp\/v2\/media\/7818"}],"wp:attachment":[{"href":"https:\/\/trotajueves.es\/libreria\/wp-json\/wp\/v2\/media?parent=7817"}],"wp:term":[{"taxonomy":"product_brand","embeddable":true,"href":"https:\/\/trotajueves.es\/libreria\/wp-json\/wp\/v2\/product_brand?post=7817"},{"taxonomy":"product_cat","embeddable":true,"href":"https:\/\/trotajueves.es\/libreria\/wp-json\/wp\/v2\/product_cat?post=7817"},{"taxonomy":"product_tag","embeddable":true,"href":"https:\/\/trotajueves.es\/libreria\/wp-json\/wp\/v2\/product_tag?post=7817"}],"curies":[{"name":"wp","href":"https:\/\/api.w.org\/{rel}","templated":true}]}}