{"id":786,"date":"2014-08-12T13:57:57","date_gmt":"2014-08-12T13:57:57","guid":{"rendered":"http:\/\/trotajueves.es\/libreria\/?post_type=product&#038;p=786"},"modified":"2015-12-23T20:34:52","modified_gmt":"2015-12-23T20:34:52","slug":"telecuentos","status":"publish","type":"product","link":"https:\/\/trotajueves.es\/libreria\/producto\/telecuentos\/","title":{"rendered":"Telecuentos"},"content":{"rendered":"<p>AUTOR:\tMiravitllas \/ Ram\u00f3n<br \/>\nESTADO:\tusado<br \/>\nI.S.B.N.:\t84-406-4191-5<br \/>\nA\u00f1o:\t1993<br \/>\nEditorial:\tEdiciones B<br \/>\nP\u00e1ginas:\t199<br \/>\nPrecio:\t4<\/p>\n","protected":false},"excerpt":{"rendered":"<p>AUTOR: Miravitllas \/ Ram\u00f3n ESTADO: usado I.S.B.N.: 84-406-4191-5 A\u00f1o: 1993 Editorial: Ediciones B P\u00e1ginas: 199 Precio: 4<\/p>\n","protected":false},"featured_media":787,"template":"","meta":{"_joinchat":[]},"product_brand":[],"product_cat":[248,31],"product_tag":[7],"class_list":{"0":"post-786","1":"product","2":"type-product","3":"status-publish","4":"has-post-thumbnail","6":"product_cat-cuento-grande","7":"product_cat-relato","8":"product_tag-contemporanea","9":"pa_estado-usado","11":"first","12":"instock","13":"shipping-taxable","14":"purchasable","15":"product-type-simple"},"_links":{"self":[{"href":"https:\/\/trotajueves.es\/libreria\/wp-json\/wp\/v2\/product\/786","targetHints":{"allow":["GET"]}}],"collection":[{"href":"https:\/\/trotajueves.es\/libreria\/wp-json\/wp\/v2\/product"}],"about":[{"href":"https:\/\/trotajueves.es\/libreria\/wp-json\/wp\/v2\/types\/product"}],"wp:featuredmedia":[{"embeddable":true,"href":"https:\/\/trotajueves.es\/libreria\/wp-json\/wp\/v2\/media\/787"}],"wp:attachment":[{"href":"https:\/\/trotajueves.es\/libreria\/wp-json\/wp\/v2\/media?parent=786"}],"wp:term":[{"taxonomy":"product_brand","embeddable":true,"href":"https:\/\/trotajueves.es\/libreria\/wp-json\/wp\/v2\/product_brand?post=786"},{"taxonomy":"product_cat","embeddable":true,"href":"https:\/\/trotajueves.es\/libreria\/wp-json\/wp\/v2\/product_cat?post=786"},{"taxonomy":"product_tag","embeddable":true,"href":"https:\/\/trotajueves.es\/libreria\/wp-json\/wp\/v2\/product_tag?post=786"}],"curies":[{"name":"wp","href":"https:\/\/api.w.org\/{rel}","templated":true}]}}

<p>AUTOR:	Miravitllas / Ramón<br />
ESTADO:	usado<br />
I.S.B.N.:	84-406-4191-5<br />
Año:	1993<br />
Editorial:	Ediciones B<br />
Páginas:	199<br />
Precio:	4</p>

<p>AUTOR: Miravitllas / Ramón ESTADO: usado I.S.B.N.: 84-406-4191-5 Año: 1993 Editorial: Ediciones B Páginas: 199 Precio: 4</p>
