{"id":7925,"date":"2021-02-21T16:41:22","date_gmt":"2021-02-21T15:41:22","guid":{"rendered":"http:\/\/trotajueves.es\/libreria\/?post_type=product&#038;p=7925"},"modified":"2022-05-06T12:50:47","modified_gmt":"2022-05-06T10:50:47","slug":"cuestion-de-poder-papel-2","status":"publish","type":"product","link":"https:\/\/trotajueves.es\/libreria\/producto\/cuestion-de-poder-papel-2\/","title":{"rendered":"Cuesti\u00f3n de Poder (papel)"},"content":{"rendered":"<p>AUTOR: Arsenio Mayo Mateos<br \/>\nESTADO: NUEVO<br \/>\nI.S.B.N.:<br \/>\nA\u00f1o: 2020<br \/>\nEditorial: aire<br \/>\nP\u00e1ginas: 362<br \/>\nPrecio: 16 \u20ac<\/p>\n<p>Comprar el libro<br \/>\nDescargar un avance del libro en formato pdf, para comprobar su contenido antes de adquirirlo: <a href=\"http:\/\/trotajueves.es\/libreria\/wp-content\/uploads\/2020\/10\/AVANCE.pdf\" target=\"_blank\">AVANCE<\/a><br \/>\nAcceder al apartado del tercer cap\u00edtulo: <a href=\"http:\/\/trotajueves.es\/libreria\/wp-content\/uploads\/2020\/10\/El_23F_no_lo_hizo_el_rey.pdf\" target=\"_blank\">El 23F no lo hizo el rey<\/a><\/p>\n<p>En pocas ocasiones un mal plan ha sido tan exitoso y rentable para unos pocos, como el 23F, m\u00e1xime cuando el guion lo cambi\u00f3 sobre la marcha un personaje secundario.<\/p>\n<p>Ante los acontecimientos recientes, con una monarqu\u00eda cada d\u00eda m\u00e1s alejada del pueblo, y con el objetivo de arrojar luz sobre un acontevcimiento que a\u00fan se encuentra oculto, se ha liberado este relato que narra lo que ocurri\u00f3 un 23 de febrero de 1981.<\/p>\n<p>El proyecto Cuesti\u00f3n de Poder es mucho m\u00e1s que el texto que se presenta; abarca no s\u00f3lo la pol\u00edtica, sino que contempla la macroeconom\u00eda, la historia, y la tan necesaria y olvidada filosof\u00eda, para que se pueda llegar a comprender c\u00f3mo est\u00e1 construido el mundo humano en el que vivimos.<\/p>\n","protected":false},"excerpt":{"rendered":"<p>En este primer libro de la trilog\u00eda Cuesti\u00f3n de Poder, el equipo de trabajo expone una amplia informaci\u00f3n con la voluntad de ayudar a entender nuestra sociedad. Pero comprender es una tarea que incumbe a quienes asuman la lectura de este libro, e implica esfuerzo y voluntad individual, si se quiere llegar a comprender c\u00f3mo este mundo se ha construido contigo, pero no para ti.<\/p>\n","protected":false},"featured_media":7894,"template":"","meta":{"_joinchat":[]},"product_brand":[],"product_cat":[42,43,36,39],"product_tag":[7,224,106,121,59,257,82,69,70,72,76],"class_list":{"0":"post-7925","1":"product","2":"type-product","3":"status-publish","4":"has-post-thumbnail","6":"product_cat-ensayo","7":"product_cat-humanidades","8":"product_cat-nuevoautor","9":"product_cat-nuevosotros","10":"product_tag-contemporanea","11":"product_tag-ensayo","12":"product_tag-espana","13":"product_tag-europa","14":"product_tag-historia","15":"product_tag-nuevo","16":"product_tag-nuevos-autores","17":"product_tag-pensamiento","18":"product_tag-periodismo","19":"product_tag-politica","20":"product_tag-sociologia","21":"pa_estado-nuevo","23":"first","24":"instock","25":"featured","26":"shipping-taxable","27":"purchasable","28":"product-type-simple"},"_links":{"self":[{"href":"https:\/\/trotajueves.es\/libreria\/wp-json\/wp\/v2\/product\/7925","targetHints":{"allow":["GET"]}}],"collection":[{"href":"https:\/\/trotajueves.es\/libreria\/wp-json\/wp\/v2\/product"}],"about":[{"href":"https:\/\/trotajueves.es\/libreria\/wp-json\/wp\/v2\/types\/product"}],"wp:featuredmedia":[{"embeddable":true,"href":"https:\/\/trotajueves.es\/libreria\/wp-json\/wp\/v2\/media\/7894"}],"wp:attachment":[{"href":"https:\/\/trotajueves.es\/libreria\/wp-json\/wp\/v2\/media?parent=7925"}],"wp:term":[{"taxonomy":"product_brand","embeddable":true,"href":"https:\/\/trotajueves.es\/libreria\/wp-json\/wp\/v2\/product_brand?post=7925"},{"taxonomy":"product_cat","embeddable":true,"href":"https:\/\/trotajueves.es\/libreria\/wp-json\/wp\/v2\/product_cat?post=7925"},{"taxonomy":"product_tag","embeddable":true,"href":"https:\/\/trotajueves.es\/libreria\/wp-json\/wp\/v2\/product_tag?post=7925"}],"curies":[{"name":"wp","href":"https:\/\/api.w.org\/{rel}","templated":true}]}}

Cuestión de Poder (papel)

<p>AUTOR: Arsenio Mayo Mateos<br />
ESTADO: NUEVO<br />
I.S.B.N.:<br />
Año: 2020<br />
Editorial: aire<br />
Páginas: 362<br />
Precio: 16 €</p>
<p>Comprar el libro<br />
Descargar un avance del libro en formato pdf, para comprobar su contenido antes de adquirirlo: <a href="http://trotajueves.es/libreria/wp-content/uploads/2020/10/AVANCE.pdf" target="_blank">AVANCE</a><br />
Acceder al apartado del tercer capítulo: <a href="http://trotajueves.es/libreria/wp-content/uploads/2020/10/El_23F_no_lo_hizo_el_rey.pdf" target="_blank">El 23F no lo hizo el rey</a></p>
<p>En pocas ocasiones un mal plan ha sido tan exitoso y rentable para unos pocos, como el 23F, máxime cuando el guion lo cambió sobre la marcha un personaje secundario.</p>
<p>Ante los acontecimientos recientes, con una monarquía cada día más alejada del pueblo, y con el objetivo de arrojar luz sobre un acontevcimiento que aún se encuentra oculto, se ha liberado este relato que narra lo que ocurrió un 23 de febrero de 1981.</p>
<p>El proyecto Cuestión de Poder es mucho más que el texto que se presenta; abarca no sólo la política, sino que contempla la macroeconomía, la historia, y la tan necesaria y olvidada filosofía, para que se pueda llegar a comprender cómo está construido el mundo humano en el que vivimos.</p>

<p>En este primer libro de la trilogía Cuestión de Poder, el equipo de trabajo expone una amplia información con la voluntad de ayudar a entender nuestra sociedad. Pero comprender es una tarea que incumbe a quienes asuman la lectura de este libro, e implica esfuerzo y voluntad individual, si se quiere llegar a comprender cómo este mundo se ha construido contigo, pero no para ti.</p>
