{"id":8044,"date":"2021-04-10T10:22:53","date_gmt":"2021-04-10T08:22:53","guid":{"rendered":"http:\/\/trotajueves.es\/libreria\/?post_type=product&#038;p=8044"},"modified":"2021-04-13T13:01:22","modified_gmt":"2021-04-13T11:01:22","slug":"naufragos-sin-tierra","status":"publish","type":"product","link":"https:\/\/trotajueves.es\/libreria\/producto\/naufragos-sin-tierra\/","title":{"rendered":"N\u00c1UFRAGOS SIN TIERRA"},"content":{"rendered":"<p>AUTOR:\u00a0 \u00a0 \u00a0 \u00a0 \u00a0 \u00a0 YOLANDA ALVAREZ<\/p>\n<p>ESTADO: \u00a0\u00a0\u00a0\u00a0\u00a0\u00a0nuevo<\/p>\n<p>I.S.B.N.:\u00a0 \u00a0 \u00a0 \u00a0 \u00a0 \u00a09788418249327<\/p>\n<p>A\u00f1o:\u00a0\u00a0\u00a0\u00a0 2020<\/p>\n<p>Editorial:\u00a0 \u00a0 \u00a0 \u00a0 ROCA EDITORIAL<\/p>\n<p>P\u00e1ginas:\u00a0 \u00a0 \u00a0 240<\/p>\n<p>Precio:\u00a0 \u00a017 \u00a0\u20ac<\/p>\n","protected":false},"excerpt":{"rendered":"<p>Pensaban cubrir la misi\u00f3n de rescate durante una semana y estuvieron casi un mes en el mar. La periodista de TVE Yolanda \u00c1lvarez, junto al reportero gr\u00e1fico Joaqu\u00edn Rela\u00f1o, vivieron en el verano de 2019 una odisea junto a decenas de personas ansiosas por alcanzar las costas de Europa. \u00c9ste es el relato emocionante y crudo de aquella traves\u00eda a bordo del \u00abOpen Arms\u00bb, con 160 hombres, mujeres y ni\u00f1os en peligro de naufragio.<\/p>\n","protected":false},"featured_media":8045,"template":"","meta":{"_joinchat":[]},"product_brand":[],"product_cat":[207,201,34],"product_tag":[111,47,202,59,257,99,69,70,313,93],"class_list":{"0":"post-8044","1":"product","2":"type-product","3":"status-publish","4":"has-post-thumbnail","6":"product_cat-africa","7":"product_cat-biografias-de-viajes","8":"product_cat-viaje","9":"product_tag-africa","10":"product_tag-biografia","11":"product_tag-biografia-de-viaje","12":"product_tag-historia","13":"product_tag-nuevo","14":"product_tag-oriental","15":"product_tag-pensamiento","16":"product_tag-periodismo","17":"product_tag-television","18":"product_tag-viaje-2","19":"pa_estado-nuevo","21":"first","22":"instock","23":"featured","24":"shipping-taxable","25":"purchasable","26":"product-type-simple"},"_links":{"self":[{"href":"https:\/\/trotajueves.es\/libreria\/wp-json\/wp\/v2\/product\/8044","targetHints":{"allow":["GET"]}}],"collection":[{"href":"https:\/\/trotajueves.es\/libreria\/wp-json\/wp\/v2\/product"}],"about":[{"href":"https:\/\/trotajueves.es\/libreria\/wp-json\/wp\/v2\/types\/product"}],"wp:featuredmedia":[{"embeddable":true,"href":"https:\/\/trotajueves.es\/libreria\/wp-json\/wp\/v2\/media\/8045"}],"wp:attachment":[{"href":"https:\/\/trotajueves.es\/libreria\/wp-json\/wp\/v2\/media?parent=8044"}],"wp:term":[{"taxonomy":"product_brand","embeddable":true,"href":"https:\/\/trotajueves.es\/libreria\/wp-json\/wp\/v2\/product_brand?post=8044"},{"taxonomy":"product_cat","embeddable":true,"href":"https:\/\/trotajueves.es\/libreria\/wp-json\/wp\/v2\/product_cat?post=8044"},{"taxonomy":"product_tag","embeddable":true,"href":"https:\/\/trotajueves.es\/libreria\/wp-json\/wp\/v2\/product_tag?post=8044"}],"curies":[{"name":"wp","href":"https:\/\/api.w.org\/{rel}","templated":true}]}}

NÁUFRAGOS SIN TIERRA

<p>AUTOR:            YOLANDA ALVAREZ</p>
<p>ESTADO:       nuevo</p>
<p>I.S.B.N.:           9788418249327</p>
<p>Año:     2020</p>
<p>Editorial:        ROCA EDITORIAL</p>
<p>Páginas:      240</p>
<p>Precio:   17  €</p>

<p>Pensaban cubrir la misión de rescate durante una semana y estuvieron casi un mes en el mar. La periodista de TVE Yolanda Álvarez, junto al reportero gráfico Joaquín Relaño, vivieron en el verano de 2019 una odisea junto a decenas de personas ansiosas por alcanzar las costas de Europa. Éste es el relato emocionante y crudo de aquella travesía a bordo del «Open Arms», con 160 hombres, mujeres y niños en peligro de naufragio.</p>
